{"id":1074,"date":"2024-10-25T09:30:07","date_gmt":"2024-10-25T09:30:07","guid":{"rendered":"https:\/\/isuppa.com\/biblioteca\/?page_id=1074"},"modified":"2024-10-25T09:30:07","modified_gmt":"2024-10-25T09:30:07","slug":"dificuldades-da-aprendizagem","status":"publish","type":"page","link":"https:\/\/isuppa.com\/biblioteca\/index.php\/dificuldades-da-aprendizagem\/","title":{"rendered":"Dificuldades da Aprendizagem"},"content":{"rendered":"\n<p><a href=\"https:\/\/isuppa.com\/\/biblioteca\/wp-content\/uploads\/2024\/10\/31PscDA\/CONVEN-DIRE.CRIAN\u00c7AS.pdf\">Conven\u00e7\u00e3o sobre os Direitos da Crian\u00e7a<\/a><\/p>\n\n\n\n<p><a href=\"https:\/\/isuppa.com\/\/biblioteca\/wp-content\/uploads\/2024\/10\/31PscDA\/DA-ESCRITA-LEITURA-INICIAL.pdf\">Da Escrita e Leitura Inicial<\/a><\/p>\n\n\n\n<p><a href=\"https:\/\/isuppa.com\/\/biblioteca\/wp-content\/uploads\/2024\/10\/31PscDA\/DECLAR-EDUC-TODOS-1990.pdf\">Declara\u00e7\u00e3o de Educa\u00e7\u00e3o Para Todos<\/a><\/p>\n\n\n\n<p><a href=\"https:\/\/isuppa.com\/\/biblioteca\/wp-content\/uploads\/2024\/10\/31PscDA\/DIFICULDADES DE LEITURA.pdf\">Dificuldades de Leitura<\/a><\/p>\n\n\n\n<p><a href=\"https:\/\/isuppa.com\/\/biblioteca\/wp-content\/uploads\/2024\/10\/31PscDA\/DISCALCULIA-INCLUS\u00c3O-2016.pdf\">Discalculia Inclus\u00e3o<\/a><\/p>\n\n\n\n<p><a href=\"https:\/\/isuppa.com\/\/biblioteca\/wp-content\/uploads\/2024\/10\/31PscDA\/DISLEXIA-DISGRA-DISORTO-DISCAL.pdf\">Dislexia, Disgrafia, Disortografia e Discalculia<\/a><\/p>\n","protected":false},"excerpt":{"rendered":"<p>Conven\u00e7\u00e3o sobre os Direitos da Crian\u00e7a Da Escrita e Leitura Inicial Declara\u00e7\u00e3o de Educa\u00e7\u00e3o Para Todos Dificuldades de Leitura Discalculia Inclus\u00e3o Dislexia, Disgrafia, Disortografia e Discalculia<\/p>\n","protected":false},"author":1,"featured_media":0,"parent":0,"menu_order":0,"comment_status":"closed","ping_status":"closed","template":"","meta":{"footnotes":""},"_links":{"self":[{"href":"https:\/\/isuppa.com\/biblioteca\/index.php\/wp-json\/wp\/v2\/pages\/1074"}],"collection":[{"href":"https:\/\/isuppa.com\/biblioteca\/index.php\/wp-json\/wp\/v2\/pages"}],"about":[{"href":"https:\/\/isuppa.com\/biblioteca\/index.php\/wp-json\/wp\/v2\/types\/page"}],"author":[{"embeddable":true,"href":"https:\/\/isuppa.com\/biblioteca\/index.php\/wp-json\/wp\/v2\/users\/1"}],"replies":[{"embeddable":true,"href":"https:\/\/isuppa.com\/biblioteca\/index.php\/wp-json\/wp\/v2\/comments?post=1074"}],"version-history":[{"count":1,"href":"https:\/\/isuppa.com\/biblioteca\/index.php\/wp-json\/wp\/v2\/pages\/1074\/revisions"}],"predecessor-version":[{"id":1075,"href":"https:\/\/isuppa.com\/biblioteca\/index.php\/wp-json\/wp\/v2\/pages\/1074\/revisions\/1075"}],"wp:attachment":[{"href":"https:\/\/isuppa.com\/biblioteca\/index.php\/wp-json\/wp\/v2\/media?parent=1074"}],"curies":[{"name":"wp","href":"https:\/\/api.w.org\/{rel}","templated":true}]}}