{"id":1093,"date":"2024-10-25T10:12:48","date_gmt":"2024-10-25T10:12:48","guid":{"rendered":"https:\/\/isuppa.com\/biblioteca\/?page_id=1093"},"modified":"2024-10-25T10:12:48","modified_gmt":"2024-10-25T10:12:48","slug":"tp","status":"publish","type":"page","link":"https:\/\/isuppa.com\/biblioteca\/index.php\/tp\/","title":{"rendered":"TP"},"content":{"rendered":"\n<p><a href=\"https:\/\/isuppa.com\/\/biblioteca\/wp-content\/uploads\/2024\/10\/31PscTP\/FVM11092014.pdf\">A Pr\u00e1tica da Avalia\u00e7\u00e3o Psicopedag\u00f3gica<\/a><\/p>\n\n\n\n<p><a href=\"https:\/\/isuppa.com\/\/biblioteca\/wp-content\/uploads\/2024\/10\/31PscTP\/Diagn\u00f3stico Psicopedag\u00f3gico Cl\u00ednico.pdf\">Diagn\u00f3stico Psicopedag\u00f3gico Cl\u00ednico<\/a><\/p>\n\n\n\n<p><a href=\"https:\/\/isuppa.com\/\/biblioteca\/wp-content\/uploads\/2024\/10\/31PscTP\/historial dos testes.pdf\">Historial dos Testes<\/a><\/p>\n\n\n\n<p><a href=\"https:\/\/isuppa.com\/\/biblioteca\/wp-content\/uploads\/2024\/10\/31PscTP\/165.pdf\">Manual de Avalia\u00e7\u00e3o<\/a><\/p>\n\n\n\n<p><a href=\"https:\/\/isuppa.com\/\/biblioteca\/wp-content\/uploads\/2024\/10\/31PscTP\/TestesPsicot.pdf\">Testes  Psicot\u00e9cnicos<\/a><\/p>\n\n\n\n<p><a href=\"https:\/\/isuppa.com\/\/biblioteca\/wp-content\/uploads\/2024\/10\/31PscTP\/v37n114s1a02.pdf\">ABPp<\/a><\/p>\n","protected":false},"excerpt":{"rendered":"<p>A Pr\u00e1tica da Avalia\u00e7\u00e3o Psicopedag\u00f3gica Diagn\u00f3stico Psicopedag\u00f3gico Cl\u00ednico Historial dos Testes Manual de Avalia\u00e7\u00e3o Testes Psicot\u00e9cnicos ABPp<\/p>\n","protected":false},"author":1,"featured_media":0,"parent":0,"menu_order":0,"comment_status":"closed","ping_status":"closed","template":"","meta":{"footnotes":""},"_links":{"self":[{"href":"https:\/\/isuppa.com\/biblioteca\/index.php\/wp-json\/wp\/v2\/pages\/1093"}],"collection":[{"href":"https:\/\/isuppa.com\/biblioteca\/index.php\/wp-json\/wp\/v2\/pages"}],"about":[{"href":"https:\/\/isuppa.com\/biblioteca\/index.php\/wp-json\/wp\/v2\/types\/page"}],"author":[{"embeddable":true,"href":"https:\/\/isuppa.com\/biblioteca\/index.php\/wp-json\/wp\/v2\/users\/1"}],"replies":[{"embeddable":true,"href":"https:\/\/isuppa.com\/biblioteca\/index.php\/wp-json\/wp\/v2\/comments?post=1093"}],"version-history":[{"count":1,"href":"https:\/\/isuppa.com\/biblioteca\/index.php\/wp-json\/wp\/v2\/pages\/1093\/revisions"}],"predecessor-version":[{"id":1094,"href":"https:\/\/isuppa.com\/biblioteca\/index.php\/wp-json\/wp\/v2\/pages\/1093\/revisions\/1094"}],"wp:attachment":[{"href":"https:\/\/isuppa.com\/biblioteca\/index.php\/wp-json\/wp\/v2\/media?parent=1093"}],"curies":[{"name":"wp","href":"https:\/\/api.w.org\/{rel}","templated":true}]}}