{"id":1121,"date":"2024-10-25T11:52:46","date_gmt":"2024-10-25T11:52:46","guid":{"rendered":"https:\/\/isuppa.com\/biblioteca\/?page_id=1121"},"modified":"2024-10-25T13:35:35","modified_gmt":"2024-10-25T13:35:35","slug":"pedagogia-diferenciada","status":"publish","type":"page","link":"https:\/\/isuppa.com\/biblioteca\/index.php\/pedagogia-diferenciada\/","title":{"rendered":"PEDAGOGIA DIFERENCIADA"},"content":{"rendered":"\n<p><a href=\"https:\/\/www.aeolivais.edu.pt\/docs\/orientadores\/DiferenciacaoPedagogica.pdf\">A DIFERENCIA\u00c7\u00c2O PEDAG\u00d3GICA EM SALA DE AULA<\/a><\/p>\n\n\n\n<p><a href=\"https:\/\/ri.ufs.br\/bitstream\/riufs\/10342\/60\/59.pdf\">A INCLUS\u00c3O ESCOLAR E A PEDAGOGIA DIFERENCIADA<\/a><\/p>\n\n\n\n<p><a href=\"http:\/\/repositorio.esepf.pt\/bitstream\/20.500.11796\/2089\/1\/Tese.pdf\">A Pr\u00e1tica da Diferencia\u00e7\u00e3o Pedag\u00f3gica<\/a><\/p>\n\n\n\n<p><a href=\"https:\/\/isuppa.com\/\/biblioteca\/wp-content\/uploads\/2024\/10\/2EPPD\/Pedagogia Diferenciada.pdf\">Pedagogia Diferenciada<\/a><\/p>\n\n\n\n<p><a href=\"https:\/\/www.apagina.pt\/Download\/PAGINA\/SM_Doc\/Mid_2\/Doc_14893\/Doc\/P%C3%A1gina_14893.pdf\">Pedagogia Diferenciada 01<\/a><\/p>\n\n\n\n<p><a href=\"https:\/\/comum.rcaap.pt\/bitstream\/10400.26\/36175\/1\/Relato%CC%81rio%20de%20Investigac%CC%A7a%CC%83o%20%28Versa%CC%83o%20Definitiva%29%20Eunice%20Modesto%2018%20fev%202021.pdf\">Pedagogia Diferenciada na Educa\u00e7\u00e3o de Inf\u00e2ncia<\/a><\/p>\n\n\n\n<p><a href=\"https:\/\/lume.ufrgs.br\/bitstream\/handle\/10183\/255123\/001163011.pdf?sequence=1\">Pedagogia Diferenciada na Inclus\u00e3o Escolar<\/a><\/p>\n\n\n\n<p><a href=\"https:\/\/repositorio.uac.pt\/bitstream\/10400.3\/3159\/1\/DissertMestradoResumoIndIntrodGBNMP2014.pdf\">Pedagogia diferenciada no 1\u00ba Ciclo do Ensino B\u00e1sico<\/a><\/p>\n\n\n\n<p><\/p>\n","protected":false},"excerpt":{"rendered":"<p>A DIFERENCIA\u00c7\u00c2O PEDAG\u00d3GICA EM SALA DE AULA A INCLUS\u00c3O ESCOLAR E A PEDAGOGIA DIFERENCIADA A Pr\u00e1tica da Diferencia\u00e7\u00e3o Pedag\u00f3gica Pedagogia Diferenciada Pedagogia Diferenciada 01 Pedagogia Diferenciada na Educa\u00e7\u00e3o de Inf\u00e2ncia Pedagogia Diferenciada na Inclus\u00e3o Escolar Pedagogia diferenciada no 1\u00ba Ciclo do Ensino B\u00e1sico<\/p>\n","protected":false},"author":1,"featured_media":0,"parent":0,"menu_order":0,"comment_status":"closed","ping_status":"closed","template":"","meta":{"footnotes":""},"_links":{"self":[{"href":"https:\/\/isuppa.com\/biblioteca\/index.php\/wp-json\/wp\/v2\/pages\/1121"}],"collection":[{"href":"https:\/\/isuppa.com\/biblioteca\/index.php\/wp-json\/wp\/v2\/pages"}],"about":[{"href":"https:\/\/isuppa.com\/biblioteca\/index.php\/wp-json\/wp\/v2\/types\/page"}],"author":[{"embeddable":true,"href":"https:\/\/isuppa.com\/biblioteca\/index.php\/wp-json\/wp\/v2\/users\/1"}],"replies":[{"embeddable":true,"href":"https:\/\/isuppa.com\/biblioteca\/index.php\/wp-json\/wp\/v2\/comments?post=1121"}],"version-history":[{"count":2,"href":"https:\/\/isuppa.com\/biblioteca\/index.php\/wp-json\/wp\/v2\/pages\/1121\/revisions"}],"predecessor-version":[{"id":1160,"href":"https:\/\/isuppa.com\/biblioteca\/index.php\/wp-json\/wp\/v2\/pages\/1121\/revisions\/1160"}],"wp:attachment":[{"href":"https:\/\/isuppa.com\/biblioteca\/index.php\/wp-json\/wp\/v2\/media?parent=1121"}],"curies":[{"name":"wp","href":"https:\/\/api.w.org\/{rel}","templated":true}]}}