{"id":1132,"date":"2024-10-25T12:23:14","date_gmt":"2024-10-25T12:23:14","guid":{"rendered":"https:\/\/isuppa.com\/biblioteca\/?page_id=1132"},"modified":"2024-10-25T12:23:15","modified_gmt":"2024-10-25T12:23:15","slug":"metodologia-de-ensino-da-lingua-portuguesa","status":"publish","type":"page","link":"https:\/\/isuppa.com\/biblioteca\/index.php\/metodologia-de-ensino-da-lingua-portuguesa\/","title":{"rendered":"Metodologia de Ensino da L\u00edngua Portuguesa"},"content":{"rendered":"\n<p><a href=\"https:\/\/www.ispsn.org\/sites\/default\/files\/documentos-virtuais\/pdf\/manual_de_didatica_da_lp-_17.02.2024_2.pdf\">MANUAL DE DID\u00c1CTICA DA L\u00cdNGUA PORTUGUESA<\/a><\/p>\n\n\n\n<p><a href=\"https:\/\/repositorio.ufsm.br\/bitstream\/handle\/1\/17608\/Curso_Ed-Especial_Metodologia-Ensino-L%C3%ADngua-Portuguesa%20I.pdf\">METODOLOGIA DO ENSINO DA L\u00cdNGUA PORTUGUESA<\/a><\/p>\n\n\n\n<p><a href=\"https:\/\/www.researchgate.net\/publication\/348755301_Metodologia_do_Ensino_da_Lingua_Portuguesa_-_Guia_de_formacao_continua\">METODOLOGIA DO ENSINO DA L\u00cdNGUA PORTUGUESA 01<\/a><\/p>\n\n\n\n<p><a href=\"https:\/\/institutoine.com.br\/arquivos\/_5ec2ed71909ac.pdf\">METODOLOGIA DO ENSINO DA L\u00cdNGUA PORTUGUESA 02<\/a><\/p>\n\n\n\n<p><a href=\"https:\/\/www.pat-med.org\/wp-content\/uploads\/2021\/05\/Manual-de-Lingua-Portuguesa.pdf\">MANUAL DE L\u00cdNGUA PORTUGUESA<\/a><\/p>\n\n\n\n<p><a href=\"http:\/\/repositorio.unicentro.br:8080\/jspui\/bitstream\/123456789\/894\/5\/Teoria%20e%20Metodologia%20do%20Ensino%20da%20L%C3%ADngua%20Portuguesa.pdf\">TEORIA E METODOLOGIA DO ENSINO DA L\u00cdNGUA PORTUGUESA<\/a><\/p>\n\n\n\n<p><a href=\"https:\/\/www.excellenceeduc.com\/revista_cientifica_excellence-V_13_mar_2022_artigo_20.pdf\">METODOLOGIA DE APRENDIZAGEM DO ENSINO DE L\u00cdNGUA  PORTUGUESA<\/a><\/p>\n","protected":false},"excerpt":{"rendered":"<p>MANUAL DE DID\u00c1CTICA DA L\u00cdNGUA PORTUGUESA METODOLOGIA DO ENSINO DA L\u00cdNGUA PORTUGUESA METODOLOGIA DO ENSINO DA L\u00cdNGUA PORTUGUESA 01 METODOLOGIA DO ENSINO DA L\u00cdNGUA PORTUGUESA 02 MANUAL DE L\u00cdNGUA PORTUGUESA TEORIA E METODOLOGIA DO ENSINO DA L\u00cdNGUA PORTUGUESA METODOLOGIA DE APRENDIZAGEM DO ENSINO DE L\u00cdNGUA PORTUGUESA<\/p>\n","protected":false},"author":1,"featured_media":0,"parent":0,"menu_order":0,"comment_status":"closed","ping_status":"closed","template":"","meta":{"footnotes":""},"_links":{"self":[{"href":"https:\/\/isuppa.com\/biblioteca\/index.php\/wp-json\/wp\/v2\/pages\/1132"}],"collection":[{"href":"https:\/\/isuppa.com\/biblioteca\/index.php\/wp-json\/wp\/v2\/pages"}],"about":[{"href":"https:\/\/isuppa.com\/biblioteca\/index.php\/wp-json\/wp\/v2\/types\/page"}],"author":[{"embeddable":true,"href":"https:\/\/isuppa.com\/biblioteca\/index.php\/wp-json\/wp\/v2\/users\/1"}],"replies":[{"embeddable":true,"href":"https:\/\/isuppa.com\/biblioteca\/index.php\/wp-json\/wp\/v2\/comments?post=1132"}],"version-history":[{"count":1,"href":"https:\/\/isuppa.com\/biblioteca\/index.php\/wp-json\/wp\/v2\/pages\/1132\/revisions"}],"predecessor-version":[{"id":1133,"href":"https:\/\/isuppa.com\/biblioteca\/index.php\/wp-json\/wp\/v2\/pages\/1132\/revisions\/1133"}],"wp:attachment":[{"href":"https:\/\/isuppa.com\/biblioteca\/index.php\/wp-json\/wp\/v2\/media?parent=1132"}],"curies":[{"name":"wp","href":"https:\/\/api.w.org\/{rel}","templated":true}]}}