{"id":1141,"date":"2024-10-25T12:48:37","date_gmt":"2024-10-25T12:48:37","guid":{"rendered":"https:\/\/isuppa.com\/biblioteca\/?page_id=1141"},"modified":"2024-10-26T11:33:48","modified_gmt":"2024-10-26T11:33:48","slug":"literatura-infantil","status":"publish","type":"page","link":"https:\/\/isuppa.com\/biblioteca\/index.php\/literatura-infantil\/","title":{"rendered":"Literatura Infantil"},"content":{"rendered":"\n<p><a href=\"https:\/\/comum.rcaap.pt\/bitstream\/10400.26\/11365\/1\/PATRICIA_SILVA.pdf\">A Import\u00e2ncia da Literatura Infantil<\/a><\/p>\n\n\n\n<p><a href=\"https:\/\/repositorio.uniceub.br\/jspui\/bitstream\/235\/6624\/1\/40261647.pdf\">A LITERATURA INFANTIL COMOFACILITADORA DA CONSTRU\u00c7\u00c3O DO SUJEITO<\/a><\/p>\n\n\n\n<p><a href=\"https:\/\/rieoei.org\/historico\/documentos\/rie46a07.htm\">APRENDER A LER E COMPRENSS\u00c3O DE TEXTOS<\/a><\/p>\n\n\n\n<p><a href=\"https:\/\/repositorio.ufba.br\/bitstream\/ri\/33147\/1\/LITERATURA%20INFANTIL%20COMO%20MEDIADORA%20DA%20LEITURA%20NOS%20PRIMEIROS%20ANOS%20DE%20ESCOLARIZA%C3%87%C3%83O.pdf\">LITERATURA INFANTIL: COMO MEDIADORA DA LEITURA NOS PRIMEIROS ANOS DE ESCOLARIZA\u00c7\u00c3O?<\/a><\/p>\n\n\n\n<p><a href=\"https:\/\/cesad.ufs.br\/ORBI\/public\/uploadCatalago\/10555516022012Fundamentos_para_o_Ensino_da_Leitura_e_da_Escrita_aula_10.pdf\">A LITERATURA INFANTO-JUVENIL E A<br>FORMA\u00c7\u00c3O DO LEITOR CR\u00cdTICO<\/a><\/p>\n\n\n\n<p><a href=\"https:\/\/www.baixelivros.com.br\/literatura-infantil\">Descarregar Livros Gr\u00e1tis<\/a><\/p>\n\n\n\n<p><a href=\"https:\/\/ubibliorum.ubi.pt\/bitstream\/10400.6\/3943\/1\/sara.pdf\">Literatura infantil e desenvolvimento da linguagem<\/a><\/p>\n\n\n\n<p><a href=\"https:\/\/repositorio.ufsm.br\/bitstream\/handle\/1\/18310\/Curso_Lic-Pedag_Literatura-Infantil.pdf\">Livro de Literatura Infantil<\/a><\/p>\n","protected":false},"excerpt":{"rendered":"<p>A Import\u00e2ncia da Literatura Infantil A LITERATURA INFANTIL COMOFACILITADORA DA CONSTRU\u00c7\u00c3O DO SUJEITO APRENDER A LER E COMPRENSS\u00c3O DE TEXTOS LITERATURA INFANTIL: COMO MEDIADORA DA LEITURA NOS PRIMEIROS ANOS DE ESCOLARIZA\u00c7\u00c3O? A LITERATURA INFANTO-JUVENIL E AFORMA\u00c7\u00c3O DO LEITOR CR\u00cdTICO Descarregar Livros Gr\u00e1tis Literatura infantil e desenvolvimento da linguagem Livro de Literatura Infantil<\/p>\n","protected":false},"author":1,"featured_media":0,"parent":0,"menu_order":0,"comment_status":"closed","ping_status":"closed","template":"","meta":{"footnotes":""},"_links":{"self":[{"href":"https:\/\/isuppa.com\/biblioteca\/index.php\/wp-json\/wp\/v2\/pages\/1141"}],"collection":[{"href":"https:\/\/isuppa.com\/biblioteca\/index.php\/wp-json\/wp\/v2\/pages"}],"about":[{"href":"https:\/\/isuppa.com\/biblioteca\/index.php\/wp-json\/wp\/v2\/types\/page"}],"author":[{"embeddable":true,"href":"https:\/\/isuppa.com\/biblioteca\/index.php\/wp-json\/wp\/v2\/users\/1"}],"replies":[{"embeddable":true,"href":"https:\/\/isuppa.com\/biblioteca\/index.php\/wp-json\/wp\/v2\/comments?post=1141"}],"version-history":[{"count":2,"href":"https:\/\/isuppa.com\/biblioteca\/index.php\/wp-json\/wp\/v2\/pages\/1141\/revisions"}],"predecessor-version":[{"id":1167,"href":"https:\/\/isuppa.com\/biblioteca\/index.php\/wp-json\/wp\/v2\/pages\/1141\/revisions\/1167"}],"wp:attachment":[{"href":"https:\/\/isuppa.com\/biblioteca\/index.php\/wp-json\/wp\/v2\/media?parent=1141"}],"curies":[{"name":"wp","href":"https:\/\/api.w.org\/{rel}","templated":true}]}}