{"id":1147,"date":"2024-10-25T12:59:50","date_gmt":"2024-10-25T12:59:50","guid":{"rendered":"https:\/\/isuppa.com\/biblioteca\/?page_id=1147"},"modified":"2024-10-25T12:59:50","modified_gmt":"2024-10-25T12:59:50","slug":"metodologia-de-ensino-das-expressoes-fisico-motoras-e-musicais-dramaticas-e-plasticas","status":"publish","type":"page","link":"https:\/\/isuppa.com\/biblioteca\/index.php\/metodologia-de-ensino-das-expressoes-fisico-motoras-e-musicais-dramaticas-e-plasticas\/","title":{"rendered":"Metodologia de Ensino das Express\u00f5es F\u00edsico-Motoras e Musicais, Dram\u00e1ticas e Pl\u00e1sticas"},"content":{"rendered":"\n<p><a href=\"https:\/\/comum.rcaap.pt\/bitstream\/10400.26\/24977\/1\/Relat%C3%B3rio%20Final%20Andreia%20Mano.pdf\">AS EXPRESS\u00d5ES INTEGRADAS COMO ESTRAT\u00c9GIA MOTIVADORA NO PROCESSO DE ENSINO\/APRENDIZAGEM<\/a><\/p>\n\n\n\n<p><a href=\"https:\/\/repositorio.uac.pt\/bitstream\/10400.3\/3147\/1\/DissertMestradoRaquelPatriciaSantosSousa2014.pdf\">A Express\u00e3o Pl\u00e1stica na Pr\u00e1tica Pedag\u00f3gica<\/a><\/p>\n\n\n\n<p><a href=\"https:\/\/minedu.gov.cv\/media\/manuais\/2020\/10\/16\/Guia_Educa%C3%A7%C3%A3o_Artistica_1%C2%BA_ciclo__Digital.pdf\">Guia Educa\u00e7\u00e3o Art\u00edstica<\/a><\/p>\n\n\n\n<p><a href=\"https:\/\/repositorio.ipsantarem.pt\/bitstream\/10400.15\/4968\/1\/GuiaSTP_FC_Exp_net.pdf\">METODOLOGIAS DE ENSINO DAS EXPRESS\u00d5ES<\/a><\/p>\n\n\n\n<p><a href=\"https:\/\/www.researchgate.net\/publication\/322223756_Orientacao_do_Movimento_pela_Educacao_das_Expressoes_Percecoes_de_Professores_em_Portugal\">Orienta\u00e7\u00e3o do Movimento pela Educa\u00e7\u00e3o das Express\u00f5es<\/a><\/p>\n\n\n\n<p><a href=\"https:\/\/core.ac.uk\/download\/pdf\/70645115.pdf\">PRESCEN\u00c7A DA EXPRES\u00c3O PL\u00c1STICA NA ESCOLA<\/a><\/p>\n","protected":false},"excerpt":{"rendered":"<p>AS EXPRESS\u00d5ES INTEGRADAS COMO ESTRAT\u00c9GIA MOTIVADORA NO PROCESSO DE ENSINO\/APRENDIZAGEM A Express\u00e3o Pl\u00e1stica na Pr\u00e1tica Pedag\u00f3gica Guia Educa\u00e7\u00e3o Art\u00edstica METODOLOGIAS DE ENSINO DAS EXPRESS\u00d5ES Orienta\u00e7\u00e3o do Movimento pela Educa\u00e7\u00e3o das Express\u00f5es PRESCEN\u00c7A DA EXPRES\u00c3O PL\u00c1STICA NA ESCOLA<\/p>\n","protected":false},"author":1,"featured_media":0,"parent":0,"menu_order":0,"comment_status":"closed","ping_status":"closed","template":"","meta":{"footnotes":""},"_links":{"self":[{"href":"https:\/\/isuppa.com\/biblioteca\/index.php\/wp-json\/wp\/v2\/pages\/1147"}],"collection":[{"href":"https:\/\/isuppa.com\/biblioteca\/index.php\/wp-json\/wp\/v2\/pages"}],"about":[{"href":"https:\/\/isuppa.com\/biblioteca\/index.php\/wp-json\/wp\/v2\/types\/page"}],"author":[{"embeddable":true,"href":"https:\/\/isuppa.com\/biblioteca\/index.php\/wp-json\/wp\/v2\/users\/1"}],"replies":[{"embeddable":true,"href":"https:\/\/isuppa.com\/biblioteca\/index.php\/wp-json\/wp\/v2\/comments?post=1147"}],"version-history":[{"count":1,"href":"https:\/\/isuppa.com\/biblioteca\/index.php\/wp-json\/wp\/v2\/pages\/1147\/revisions"}],"predecessor-version":[{"id":1148,"href":"https:\/\/isuppa.com\/biblioteca\/index.php\/wp-json\/wp\/v2\/pages\/1147\/revisions\/1148"}],"wp:attachment":[{"href":"https:\/\/isuppa.com\/biblioteca\/index.php\/wp-json\/wp\/v2\/media?parent=1147"}],"curies":[{"name":"wp","href":"https:\/\/api.w.org\/{rel}","templated":true}]}}