{"id":1153,"date":"2024-10-25T13:15:23","date_gmt":"2024-10-25T13:15:23","guid":{"rendered":"https:\/\/isuppa.com\/biblioteca\/?page_id=1153"},"modified":"2024-10-25T13:15:23","modified_gmt":"2024-10-25T13:15:23","slug":"metodologia-de-lingua-materna","status":"publish","type":"page","link":"https:\/\/isuppa.com\/biblioteca\/index.php\/metodologia-de-lingua-materna\/","title":{"rendered":"METODOLOGIA DE L\u00cdNGUA MATERNA"},"content":{"rendered":"\n<p><a href=\"https:\/\/isuppa.com\/\/biblioteca\/wp-content\/uploads\/2024\/10\/4EPMLM\/didatica-da-lingua-materna-principios-e-metodologia.pdf\">Did\u00e1ctica da L\u00edngua Materna Princ\u00edpios e Metodologia<\/a><\/p>\n\n\n\n<p><a href=\"https:\/\/isuppa.com\/\/biblioteca\/wp-content\/uploads\/2024\/10\/4EPMLM\/ENSINO-COMO-LINGUA-MATERNA.pdf\">ENSINO COMO LINGUA MATERNA<\/a><\/p>\n\n\n\n<p><a href=\"https:\/\/isuppa.com\/\/biblioteca\/wp-content\/uploads\/2024\/10\/4EPMLM\/FORMA\u00c7\u00c3O INICIAL DE PROFESSORES E L\u00cdNGUA MATERNA.pdf.\">FORMA\u00c7\u00c3O INICIAL DE PROFESSORES E L\u00cdNGUA MATERNA<\/a><\/p>\n\n\n\n<p><a href=\"https:\/\/isuppa.com\/\/biblioteca\/wp-content\/uploads\/2024\/10\/4EPMLM\/GRAM\u00c1TICA DE UMBUNDO.pdf\">GRAM\u00c1TICA DE UMBUNDO<\/a><\/p>\n\n\n\n<p><a href=\"https:\/\/isuppa.com\/\/biblioteca\/wp-content\/uploads\/2024\/10\/4EPMLM\/L\u00cdNGUA MATERNA E TECNOLOGIA.pdf\">L\u00cdNGUA MATERNA E TECNOLOGIA<\/a><\/p>\n\n\n\n<p><a href=\"https:\/\/isuppa.com\/\/biblioteca\/wp-content\/uploads\/2024\/10\/4EPMLM\/L\u00cdNGUA MATERNA.pdf\">L\u00cdNGUA MATERNA<\/a><\/p>\n\n\n\n<p><a href=\"https:\/\/isuppa.com\/\/biblioteca\/wp-content\/uploads\/2024\/10\/4EPMLM\/Linguistica_Aplicada_ao_Ensino_da_Lingua_Materna.pdf\">Lingu\u00edstica Aplicada ao Ensino da L\u00edngua Materna<\/a><\/p>\n\n\n\n<p><a href=\"https:\/\/isuppa.com\/\/biblioteca\/wp-content\/uploads\/2024\/10\/4EPMLM\/MET.L.MATERNA.pdf\">METODOLIGA DA L\u00cdNGUA MATERNA<\/a><\/p>\n\n\n\n<p><a href=\"https:\/\/isuppa.com\/\/biblioteca\/wp-content\/uploads\/2024\/10\/4EPMLM\/Metodologia_ensino_linguas.pdf\">Metodologia de Ensino das l\u00ednguas<\/a><\/p>\n\n\n\n<p><a href=\"https:\/\/isuppa.com\/\/biblioteca\/wp-content\/uploads\/2024\/10\/4EPMLM\/O PAPEL DA L\u00cdNGUA MATERNA.pdf\">O PAPEL DA L\u00cdNGUA MATERNA<\/a><\/p>\n","protected":false},"excerpt":{"rendered":"<p>Did\u00e1ctica da L\u00edngua Materna Princ\u00edpios e Metodologia ENSINO COMO LINGUA MATERNA FORMA\u00c7\u00c3O INICIAL DE PROFESSORES E L\u00cdNGUA MATERNA GRAM\u00c1TICA DE UMBUNDO L\u00cdNGUA MATERNA E TECNOLOGIA L\u00cdNGUA MATERNA Lingu\u00edstica Aplicada ao Ensino da L\u00edngua Materna METODOLIGA DA L\u00cdNGUA MATERNA Metodologia de Ensino das l\u00ednguas O PAPEL DA L\u00cdNGUA MATERNA<\/p>\n","protected":false},"author":1,"featured_media":0,"parent":0,"menu_order":0,"comment_status":"closed","ping_status":"closed","template":"","meta":{"footnotes":""},"_links":{"self":[{"href":"https:\/\/isuppa.com\/biblioteca\/index.php\/wp-json\/wp\/v2\/pages\/1153"}],"collection":[{"href":"https:\/\/isuppa.com\/biblioteca\/index.php\/wp-json\/wp\/v2\/pages"}],"about":[{"href":"https:\/\/isuppa.com\/biblioteca\/index.php\/wp-json\/wp\/v2\/types\/page"}],"author":[{"embeddable":true,"href":"https:\/\/isuppa.com\/biblioteca\/index.php\/wp-json\/wp\/v2\/users\/1"}],"replies":[{"embeddable":true,"href":"https:\/\/isuppa.com\/biblioteca\/index.php\/wp-json\/wp\/v2\/comments?post=1153"}],"version-history":[{"count":1,"href":"https:\/\/isuppa.com\/biblioteca\/index.php\/wp-json\/wp\/v2\/pages\/1153\/revisions"}],"predecessor-version":[{"id":1154,"href":"https:\/\/isuppa.com\/biblioteca\/index.php\/wp-json\/wp\/v2\/pages\/1153\/revisions\/1154"}],"wp:attachment":[{"href":"https:\/\/isuppa.com\/biblioteca\/index.php\/wp-json\/wp\/v2\/media?parent=1153"}],"curies":[{"name":"wp","href":"https:\/\/api.w.org\/{rel}","templated":true}]}}