{"id":1174,"date":"2024-10-28T09:12:03","date_gmt":"2024-10-28T09:12:03","guid":{"rendered":"https:\/\/isuppa.com\/biblioteca\/?page_id=1174"},"modified":"2025-10-28T21:18:59","modified_gmt":"2025-10-28T21:18:59","slug":"gestao-da-administracao-publica","status":"publish","type":"page","link":"https:\/\/isuppa.com\/biblioteca\/index.php\/gestao-da-administracao-publica\/","title":{"rendered":"Gest\u00e3o da Administra\u00e7\u00e3o P\u00fablica"},"content":{"rendered":"\n<p>1.\u00ba Ano<\/p>\n\n\n\n<ul>\n<li><a href=\"https:\/\/pt.scribd.com\/document\/470347977\/Modulo-de-Introducao-a-Administracao-Publica Scribd\">Introdu\u00e7\u00e3o \u00e0 Administra\u00e7\u00e3o P\u00fablica<\/a><\/li>\n\n\n\n<li><a href=\"https:\/\/biblioteca.unisced.edu.mz\/bitstream\/123456789\/1782\/1\/Nocoes%20Administracao%20Publica.pdf\">No\u00e7\u00f5es de Administra\u00e7\u00e3o P\u00fablica<\/a><\/li>\n\n\n\n<li><a href=\"https:\/\/apca.com.br\/wp-content\/uploads\/2020\/10\/teoriageraldaadministracao.pdf\">Teoria Geral de Administra\u00e7\u00e3o<\/a><\/li>\n\n\n\n<li><a href=\"https:\/\/www.folgueral.com.br\/tga\/Silva_Reinaldo-Teorias_da_Administracao.pdf\">Teorias da Administra\u00e7\u00e3o I<\/a><\/li>\n\n\n\n<li><a href=\"https:\/\/www2.senado.leg.br\/bdsf\/bitstream\/handle\/id\/154487\/000154487.pdf\">Administra\u00e7\u00e3o P\u00fablica \u2013 Normas e Regulamentos<\/a><\/li>\n\n\n\n<li><a href=\"https:\/\/educapes.capes.gov.br\/bitstream\/capes\/206523\/2\/Matem%C3%A1tica%20B%C3%A1sica%20I-Livro.pdf\">Matem\u00e1tica I <\/a><\/li>\n\n\n\n<li><a href=\"https:\/\/biblioteca.unisced.edu.mz\/bitstream\/123456789\/2763\/1\/Matem%C3%A1tica%20I%20-%20Matem%C3%A1tica%20B%C3%A1sica%20.pdf\">Matem\u00e1tica I<\/a><\/li>\n\n\n\n<li><a href=\"https:\/\/www.professorjailton.com.br\/novo\/biblioteca\/BECHARA_ModernaGramaticaPortuguesa.pdf\">L\u00edngua Portuguesa I <\/a><\/li>\n\n\n\n<li><a href=\"https:\/\/www.fkconcursos.weebly.com\/uploads\/1\/0\/1\/2\/10129578\/gramatica_completa_da_lingua_portuesa.pdf\">Gram\u00e1tica Completa da L\u00edngua Portuguesa<\/a><\/li>\n\n\n\n<li><a href=\"https:\/\/www.jbmacedo.com\/papers\/wp619.pdf\">Macroeconomia <\/a><\/li>\n\n\n\n<li><a href=\"https:\/\/proedu.rnp.br\/bitstream\/handle\/123456789\/1421\/Introducao%20ao%20Direito%20Administrativo.pdf\">Fundamentos do Direito Introdu\u00e7\u00e3o \u00e0 Contabilidade<\/a> I<\/li>\n\n\n\n<li><a href=\"https:\/\/biblioteca.unisced.edu.mz\/bitstream\/123456789\/1704\/1\/MANUAL%20DE%20CONTABILIDADE%20FINANCEIRA-I.pdf\">Introdu\u00e7\u00e3o \u00e0 Contabilidade<\/a><\/li>\n<\/ul>\n\n\n\n<p>2.\u00ba Ano<\/p>\n\n\n\n<ul>\n<li><a href=\"https:\/\/biblioteca.unisced.edu.mz\/handle\/123456789\/2039\">Contabilidade de Custos<\/a><\/li>\n\n\n\n<li><a href=\"https:\/\/biblioteca.unisced.edu.mz\/handle\/123456789\/2171\">An\u00e1lise de Custos<\/a><\/li>\n\n\n\n<li><a href=\"https:\/\/biblioteca.unisced.edu.mz\/handle\/123456789\/2340\">Manual de Contabilidade Aplicada ao Sector P\u00fablico<\/a><\/li>\n\n\n\n<li><a href=\"http:\/\/hdl.handle.net\/10400.26\/38108\">Implementa\u00e7\u00e3o das Normas Internacionais de Contabilidade no Sector P\u00fablico<\/a><\/li>\n\n\n\n<li><a href=\"http:\/\/hdl.handle.net\/10400.5\/8090\">A Reforma da Administra\u00e7\u00e3o P\u00fablica em Angola<\/a><\/li>\n\n\n\n<li><a href=\"https:\/\/repositorio.iscte-iul.pt\/handle\/10071\/904\">Administra\u00e7\u00e3o P\u00fablica Angolana<\/a><\/li>\n\n\n\n<li><a href=\"http:\/\/hdl.handle.net\/10400.5\/19632\">Sistemas e tecnologias de informa\u00e7\u00e3o e de comunica\u00e7\u00e3o em Angola. Uma perspetiva de gest\u00e3o<\/a><\/li>\n\n\n\n<li><a href=\"http:\/\/Matos Mendon\u00e7a https:\/\/www.cliqueapostilas.com.br\/ingles\/ingles-tecnico-i\">Ingl\u00eas T\u00e9cnico I<\/a><\/li>\n\n\n\n<li><a href=\"https:\/\/lex.ao\/docs\/assembleia-nacional\/2022\/lei-n-o-31-22-de-30-de-agosto\/\">Lei n.\u00ba 31\/22 de 30 de Agosto \u2013 C\u00f3digo do Procedimento Administrativo<\/a><\/li>\n\n\n\n<li><a href=\"https:\/\/www.pluraleditores.co.ao\/content\/actualizacoes\/COLECTDIRADMINIS_20213579_AtOn1.pdf\">Colect\u00e2nea de Direito Administrativo Angola \u2013 Legisla\u00e7\u00e3o completa<\/a><\/li>\n\n\n\n<li><a href=\"https:\/\/tribunalsupremo.ao\/wp-content\/uploads\/2023\/03\/C%C3%B3digo-do-Procedimento-Administrativo.pdf\">C\u00f3digo do Procedimento Administrativo<\/a><\/li>\n\n\n\n<li><a href=\"https:\/\/www.ucm.minfin.gov.ao\/cs\/groups\/public\/documents\/document\/aw4x\/mjyw\/~edisp\/minfin1260313.pdf\">GUIA DO SISTEMA TRIBUT\u00c1RIO ANGOLANO 2021<\/a><\/li>\n\n\n\n<li><a href=\"https:\/\/pt.scribd.com\/document\/669225552\/LEGISLACAO-FISCAL-ANGOLANA\">Legisla\u00e7\u00e3o Fiscal de Angola 2023<\/a><\/li>\n\n\n\n<li><a href=\"https:\/\/www.ucm.minfin.gov.ao\/cs\/groups\/public\/documents\/document\/zmlu\/mjiy\/~edisp\/minfin222682.pdf\">A melhoria do bem-estar das fam\u00edlias angolanas<\/a><\/li>\n\n\n\n<li><a href=\"https:\/\/ipps.iscte-iul.pt\/images\/gestao-financas-publicas-palop-tl-volume-1.pdf\">Gest\u00e3o das Finan\u00e7as P\u00fablicas nos PALOP-TL&nbsp;<\/a><\/li>\n\n\n\n<li><a href=\"https:\/\/sys.portais.gov.ao\/uploads\/Lei_da_Administracao_Local_do_Estado_23c0507959.pdf\">Lei da Administra\u00e7\u00e3o Local do Estado<\/a><\/li>\n\n\n\n<li><a href=\"https:\/\/pt.scribd.com\/document\/792731657\/Pelagio-Novela-Administracao-Publica-comparada\">Administracao Publica Comparada<\/a><\/li>\n\n\n\n<li><a href=\"https:\/\/pt.scribd.com\/document\/452766793\/PROGRAMA-INGLES-TECNICO-II-TUDS-2019\">Programa Ingles Tecnico Ii Tuds 2019&nbsp;<\/a><\/li>\n\n\n\n<li><a href=\"https:\/\/pt.scribd.com\/document\/934307070\/BurlingtonEnglish-Wordlist-Plus2-1\">BurlingtonEnglish &#8211; Wordlist Plus2<\/a><\/li>\n\n\n\n<li><a href=\"https:\/\/isuppa.com\/biblioteca\/wp-content\/uploads\/2025\/10\/cbcXVCongresso_artigo_0561.pdf\">Proposta de um framework estrutural aplicado ao desenvolvimento de sistemas de gest\u00e3o<\/a><\/li>\n\n\n\n<li><a href=\"https:\/\/repositorio.iscte-iul.pt\/bitstream\/10071\/24292\/1\/master_edson_praga_fonseca.pdf\">An\u00e1lise de satisfa\u00e7\u00e3o dos utilizadores do sistema de informa\u00e7\u00e3o<\/a><\/li>\n<\/ul>\n\n\n\n<p>3.\u00ba<\/p>\n\n\n\n<ul>\n<li><a href=\"https:\/\/isuppa.com\/biblioteca\/wp-content\/uploads\/2025\/10\/Dialnet-AnaliseEAvaliacaoDasPoliticasPublicas-5965904.pdf\">An\u00e1lise e avalia\u00e7\u00e3o das pol\u00edticas p\u00fablicas<\/a><\/li>\n\n\n\n<li><a href=\"https:\/\/repositorio.unilab.edu.br\/jspui\/handle\/123456789\/4732\">Administra\u00e7\u00e3o p\u00fablica Angolana: inova\u00e7\u00e3o e desafios<\/a><\/li>\n\n\n\n<li><a href=\"https:\/\/lex.ao\/docs\/assembleia-nacional\/2020\/lei-n-o-41-20-de-23-de-dezembro\/\">Lei n.\u00ba 41\/20 de 23 de dezembro | Direito Angolano<\/a><\/li>\n\n\n\n<li><a href=\"https:\/\/www.ucm.minfin.gov.ao\/cs\/groups\/public\/documents\/document\/aw4z\/ndqz\/~edisp\/minfin3443349.pdf\">Manual Pr\u00e1tico da Contrata\u00e7\u00e3o P\u00fablica Angolana<\/a><\/li>\n\n\n\n<li><a href=\"https:\/\/educapes.capes.gov.br\/bitstream\/capes\/554261\/2\/Livro%20Estatistica%20e%20Probabilidade%20.pdf\">Livro Estatistica e Probabilidade<\/a><\/li>\n\n\n\n<li><a href=\"https:\/\/www.professores.uff.br\/malbi\/wp-content\/uploads\/sites\/50\/2017\/08\/Inferencia.pdf\">INFER\u00caNCIA ESTAT\u00cdSTICA<\/a><\/li>\n\n\n\n<li><a href=\"https:\/\/smartiasolutions.com.br\/glossario\/o-que-e-distribuicao-de-probabilidade\/\">O que \u00e9: Distribui\u00e7\u00e3o de Probabilidade<\/a><\/li>\n\n\n\n<li><a href=\"https:\/\/www.youtube.com\/watch?v=J7gJH9_LQGM\">COMO utilizar a ISO 9001:2015 na pr\u00e1tica para a implementa\u00e7\u00e3o de um Sistema de Gest\u00e3o<\/a><\/li>\n\n\n\n<li><a href=\"https:\/\/www.totvs.com\/blog\/inovacoes\/ferramentas-de-inovacao\/\">12 Ferramentas de inova\u00e7\u00e3o para aplicar em seu neg\u00f3cio<\/a><\/li>\n\n\n\n<li>&nbsp;<a href=\"https:\/\/www.aedb.br\/seget\/arquivos\/artigos06\/920_SEGeT%202006.pdf\">Do treinamento \u00e0 educa\u00e7\u00e3o<\/a><\/li>\n\n\n\n<li><a href=\"https:\/\/files.cercomp.ufg.br\/weby\/up\/150\/o\/Anexo_C1_como_elaborar_projeto_de_pesquisa_-_antonio_carlos_gil.pdf\">Como elaborar projetos de pesquisa<\/a><\/li>\n\n\n\n<li><a href=\"https:\/\/www.scielo.br\/j\/inter\/a\/ctsj4sLz6CkZYQfZWBS4Lbr\/\">O papel da revis\u00e3o da literatura na escrita de artigos cient\u00edficos<\/a><\/li>\n<\/ul>\n\n\n\n<p>4.\u00ba Ano<\/p>\n\n\n\n<ul>\n<li><a href=\"https:\/\/pt.scribd.com\/document\/735650487\/02-Sector-Publico-1\">Sector P\u00fablico | Contabilidade | Or\u00e7amento governamental<\/a><\/li>\n\n\n\n<li><a href=\"https:\/\/pt.scribd.com\/document\/917235645\/Trabalho-de-Administracao-1\">Trabalho de Administra\u00e7\u00e3o<\/a><\/li>\n\n\n\n<li><a href=\"https:\/\/pt.wikipedia.org\/wiki\/Contabilidade\">Contabilidade<\/a><\/li>\n\n\n\n<li><a href=\"https:\/\/pt.wikipedia.org\/wiki\/Auditor_fiscal\">Auditor fiscal<\/a><\/li>\n\n\n\n<li><\/li>\n<\/ul>\n","protected":false},"excerpt":{"rendered":"<p>1.\u00ba Ano 2.\u00ba Ano 3.\u00ba 4.\u00ba Ano<\/p>\n","protected":false},"author":1,"featured_media":0,"parent":0,"menu_order":0,"comment_status":"closed","ping_status":"closed","template":"","meta":{"footnotes":""},"_links":{"self":[{"href":"https:\/\/isuppa.com\/biblioteca\/index.php\/wp-json\/wp\/v2\/pages\/1174"}],"collection":[{"href":"https:\/\/isuppa.com\/biblioteca\/index.php\/wp-json\/wp\/v2\/pages"}],"about":[{"href":"https:\/\/isuppa.com\/biblioteca\/index.php\/wp-json\/wp\/v2\/types\/page"}],"author":[{"embeddable":true,"href":"https:\/\/isuppa.com\/biblioteca\/index.php\/wp-json\/wp\/v2\/users\/1"}],"replies":[{"embeddable":true,"href":"https:\/\/isuppa.com\/biblioteca\/index.php\/wp-json\/wp\/v2\/comments?post=1174"}],"version-history":[{"count":3,"href":"https:\/\/isuppa.com\/biblioteca\/index.php\/wp-json\/wp\/v2\/pages\/1174\/revisions"}],"predecessor-version":[{"id":3952,"href":"https:\/\/isuppa.com\/biblioteca\/index.php\/wp-json\/wp\/v2\/pages\/1174\/revisions\/3952"}],"wp:attachment":[{"href":"https:\/\/isuppa.com\/biblioteca\/index.php\/wp-json\/wp\/v2\/media?parent=1174"}],"curies":[{"name":"wp","href":"https:\/\/api.w.org\/{rel}","templated":true}]}}