{"id":163,"date":"2023-10-15T22:43:37","date_gmt":"2023-10-15T22:43:37","guid":{"rendered":"https:\/\/isuppa.com\/biblioteca\/?page_id=163"},"modified":"2023-10-15T22:43:38","modified_gmt":"2023-10-15T22:43:38","slug":"electiva-ii-1-criacao-de-aplicacoes-com-java","status":"publish","type":"page","link":"https:\/\/isuppa.com\/biblioteca\/index.php\/electiva-ii-1-criacao-de-aplicacoes-com-java\/","title":{"rendered":"Electiva II (1. Cria\u00e7\u00e3o de Aplica\u00e7\u00f5es com Java)"},"content":{"rendered":"\n<p><a href=\"https:\/\/isuppa.com\/biblioteca\/wp-content\/uploads\/2023\/10\/DCT_EI_0306_E_CAJ_A_Practical_Introduction_to_Python_Programming_Heinold.pdf\">A Practical Introductiont to Python Programming<\/a><\/p>\n","protected":false},"excerpt":{"rendered":"<p>A Practical Introductiont to Python Programming<\/p>\n","protected":false},"author":1,"featured_media":0,"parent":0,"menu_order":0,"comment_status":"closed","ping_status":"closed","template":"","meta":{"footnotes":""},"_links":{"self":[{"href":"https:\/\/isuppa.com\/biblioteca\/index.php\/wp-json\/wp\/v2\/pages\/163"}],"collection":[{"href":"https:\/\/isuppa.com\/biblioteca\/index.php\/wp-json\/wp\/v2\/pages"}],"about":[{"href":"https:\/\/isuppa.com\/biblioteca\/index.php\/wp-json\/wp\/v2\/types\/page"}],"author":[{"embeddable":true,"href":"https:\/\/isuppa.com\/biblioteca\/index.php\/wp-json\/wp\/v2\/users\/1"}],"replies":[{"embeddable":true,"href":"https:\/\/isuppa.com\/biblioteca\/index.php\/wp-json\/wp\/v2\/comments?post=163"}],"version-history":[{"count":1,"href":"https:\/\/isuppa.com\/biblioteca\/index.php\/wp-json\/wp\/v2\/pages\/163\/revisions"}],"predecessor-version":[{"id":164,"href":"https:\/\/isuppa.com\/biblioteca\/index.php\/wp-json\/wp\/v2\/pages\/163\/revisions\/164"}],"wp:attachment":[{"href":"https:\/\/isuppa.com\/biblioteca\/index.php\/wp-json\/wp\/v2\/media?parent=163"}],"curies":[{"name":"wp","href":"https:\/\/api.w.org\/{rel}","templated":true}]}}