{"id":1677,"date":"2025-06-17T15:27:24","date_gmt":"2025-06-17T15:27:24","guid":{"rendered":"https:\/\/isuppa.com\/biblioteca\/?page_id=1677"},"modified":"2025-10-01T08:06:41","modified_gmt":"2025-10-01T08:06:41","slug":"1-1-revisao-periodica","status":"publish","type":"page","link":"https:\/\/isuppa.com\/biblioteca\/index.php\/1-1-revisao-periodica\/","title":{"rendered":"1.1.10 Revis\u00e3o peri\u00f3dica da Miss\u00e3o da UO"},"content":{"rendered":"\n<p><a href=\"https:\/\/isuppa.com\/biblioteca\/wp-content\/uploads\/2025\/10\/1110.pdf\">1.1.10 Actas de CC com Actualiza\u00e7\u00e3o e Aprovo\u00e7\u00e3o do PPC<\/a><\/p>\n","protected":false},"excerpt":{"rendered":"<p>1.1.10 Actas de CC com Actualiza\u00e7\u00e3o e Aprovo\u00e7\u00e3o do PPC<\/p>\n","protected":false},"author":1,"featured_media":0,"parent":0,"menu_order":0,"comment_status":"closed","ping_status":"closed","template":"","meta":{"footnotes":""},"_links":{"self":[{"href":"https:\/\/isuppa.com\/biblioteca\/index.php\/wp-json\/wp\/v2\/pages\/1677"}],"collection":[{"href":"https:\/\/isuppa.com\/biblioteca\/index.php\/wp-json\/wp\/v2\/pages"}],"about":[{"href":"https:\/\/isuppa.com\/biblioteca\/index.php\/wp-json\/wp\/v2\/types\/page"}],"author":[{"embeddable":true,"href":"https:\/\/isuppa.com\/biblioteca\/index.php\/wp-json\/wp\/v2\/users\/1"}],"replies":[{"embeddable":true,"href":"https:\/\/isuppa.com\/biblioteca\/index.php\/wp-json\/wp\/v2\/comments?post=1677"}],"version-history":[{"count":4,"href":"https:\/\/isuppa.com\/biblioteca\/index.php\/wp-json\/wp\/v2\/pages\/1677\/revisions"}],"predecessor-version":[{"id":3141,"href":"https:\/\/isuppa.com\/biblioteca\/index.php\/wp-json\/wp\/v2\/pages\/1677\/revisions\/3141"}],"wp:attachment":[{"href":"https:\/\/isuppa.com\/biblioteca\/index.php\/wp-json\/wp\/v2\/media?parent=1677"}],"curies":[{"name":"wp","href":"https:\/\/api.w.org\/{rel}","templated":true}]}}