{"id":2050,"date":"2025-06-24T20:55:16","date_gmt":"2025-06-24T20:55:16","guid":{"rendered":"https:\/\/isuppa.com\/biblioteca\/?page_id=2050"},"modified":"2025-06-24T20:55:17","modified_gmt":"2025-06-24T20:55:17","slug":"radio-difusao-e-tele-difusao","status":"publish","type":"page","link":"https:\/\/isuppa.com\/biblioteca\/index.php\/radio-difusao-e-tele-difusao\/","title":{"rendered":"Radio Difus\u00e3o e Tele Difus\u00e3o"},"content":{"rendered":"\n<p><a href=\"https:\/\/www.anatel.gov.br\/Portal\/verificaDocumentos\/documento.asp?numeroPublicacao=213645&amp;assuntoPublicacao=null&amp;caminhoRel=null&amp;filtro=1&amp;documentoPath=213645.pdf\">B\u00e1sico de Radio Difus\u00e3o<\/a><\/p>\n\n\n\n<p><a href=\"https:\/\/www.set.org.br\/revistaderadiodifusao\/pdf\/revista10.pdf\">Revista de Radiodifus\u00e3o<\/a><\/p>\n\n\n\n<p><\/p>\n","protected":false},"excerpt":{"rendered":"<p>B\u00e1sico de Radio Difus\u00e3o Revista de Radiodifus\u00e3o<\/p>\n","protected":false},"author":1,"featured_media":0,"parent":0,"menu_order":0,"comment_status":"closed","ping_status":"closed","template":"","meta":{"footnotes":""},"_links":{"self":[{"href":"https:\/\/isuppa.com\/biblioteca\/index.php\/wp-json\/wp\/v2\/pages\/2050"}],"collection":[{"href":"https:\/\/isuppa.com\/biblioteca\/index.php\/wp-json\/wp\/v2\/pages"}],"about":[{"href":"https:\/\/isuppa.com\/biblioteca\/index.php\/wp-json\/wp\/v2\/types\/page"}],"author":[{"embeddable":true,"href":"https:\/\/isuppa.com\/biblioteca\/index.php\/wp-json\/wp\/v2\/users\/1"}],"replies":[{"embeddable":true,"href":"https:\/\/isuppa.com\/biblioteca\/index.php\/wp-json\/wp\/v2\/comments?post=2050"}],"version-history":[{"count":1,"href":"https:\/\/isuppa.com\/biblioteca\/index.php\/wp-json\/wp\/v2\/pages\/2050\/revisions"}],"predecessor-version":[{"id":2051,"href":"https:\/\/isuppa.com\/biblioteca\/index.php\/wp-json\/wp\/v2\/pages\/2050\/revisions\/2051"}],"wp:attachment":[{"href":"https:\/\/isuppa.com\/biblioteca\/index.php\/wp-json\/wp\/v2\/media?parent=2050"}],"curies":[{"name":"wp","href":"https:\/\/api.w.org\/{rel}","templated":true}]}}