{"id":2062,"date":"2025-06-24T21:22:45","date_gmt":"2025-06-24T21:22:45","guid":{"rendered":"https:\/\/isuppa.com\/biblioteca\/?page_id=2062"},"modified":"2025-06-24T21:22:45","modified_gmt":"2025-06-24T21:22:45","slug":"probabilidade-e-estatistica","status":"publish","type":"page","link":"https:\/\/isuppa.com\/biblioteca\/index.php\/probabilidade-e-estatistica\/","title":{"rendered":"Probabilidade e Estat\u00edstica"},"content":{"rendered":"\n<p><a href=\"https:\/\/www.ime.usp.br\/~leorolla\/papers\/probabilidade.pdf\">Probabilidade (Leonardo Rolla e Bernardo Lima)<\/a><\/p>\n\n\n\n<p><a href=\"https:\/\/canal.cecierj.edu.br\/012016\/a99487ebb1f652768691614fee042a9e.pdf\">Probabilidade e Estat\u00edstica (Ana Maria Lima de Farias)<\/a><\/p>\n\n\n\n<p><a href=\"https:\/\/spestatistica.pt\/storage\/app\/uploads\/public\/5e3\/da5\/85e\/5e3da585eecb6455759468.pdf\">Introdu\u00e7\u00e3o \u00e0 Probabilidade e \u00e0 Estat\u00edstica Com complementos de Excel (Maria Eug\u00e9nia Gra\u00e7a Martins)<\/a><\/p>\n\n\n\n<p><a href=\"https:\/\/www.kufunda.net\/publicdocs\/Estatistica_Basica_Probabilidade_(Luiz_Gonzaga_Morettin_1999_Pearson).pdf\">Estatistica Basica Probabilidade (Luiz Gonzaga Morettin)<\/a><\/p>\n\n\n\n<p><a href=\"https:\/\/www.ufrgs.br\/probabilidade-estatistica\/livro\/livro_probabilidade_estatistica_EAD.pdf\">Livro de Probabilidade e Estat\u00edstica (EAD \u2013 UFRGS)<\/a><\/p>\n","protected":false},"excerpt":{"rendered":"<p>Probabilidade (Leonardo Rolla e Bernardo Lima) Probabilidade e Estat\u00edstica (Ana Maria Lima de Farias) Introdu\u00e7\u00e3o \u00e0 Probabilidade e \u00e0 Estat\u00edstica Com complementos de Excel (Maria Eug\u00e9nia Gra\u00e7a Martins) Estatistica Basica Probabilidade (Luiz Gonzaga Morettin) Livro de Probabilidade e Estat\u00edstica (EAD \u2013 UFRGS)<\/p>\n","protected":false},"author":1,"featured_media":0,"parent":0,"menu_order":0,"comment_status":"closed","ping_status":"closed","template":"","meta":{"footnotes":""},"_links":{"self":[{"href":"https:\/\/isuppa.com\/biblioteca\/index.php\/wp-json\/wp\/v2\/pages\/2062"}],"collection":[{"href":"https:\/\/isuppa.com\/biblioteca\/index.php\/wp-json\/wp\/v2\/pages"}],"about":[{"href":"https:\/\/isuppa.com\/biblioteca\/index.php\/wp-json\/wp\/v2\/types\/page"}],"author":[{"embeddable":true,"href":"https:\/\/isuppa.com\/biblioteca\/index.php\/wp-json\/wp\/v2\/users\/1"}],"replies":[{"embeddable":true,"href":"https:\/\/isuppa.com\/biblioteca\/index.php\/wp-json\/wp\/v2\/comments?post=2062"}],"version-history":[{"count":1,"href":"https:\/\/isuppa.com\/biblioteca\/index.php\/wp-json\/wp\/v2\/pages\/2062\/revisions"}],"predecessor-version":[{"id":2063,"href":"https:\/\/isuppa.com\/biblioteca\/index.php\/wp-json\/wp\/v2\/pages\/2062\/revisions\/2063"}],"wp:attachment":[{"href":"https:\/\/isuppa.com\/biblioteca\/index.php\/wp-json\/wp\/v2\/media?parent=2062"}],"curies":[{"name":"wp","href":"https:\/\/api.w.org\/{rel}","templated":true}]}}