{"id":2067,"date":"2025-06-24T21:36:31","date_gmt":"2025-06-24T21:36:31","guid":{"rendered":"https:\/\/isuppa.com\/biblioteca\/?page_id=2067"},"modified":"2025-06-24T21:36:31","modified_gmt":"2025-06-24T21:36:31","slug":"calculo-numerico","status":"publish","type":"page","link":"https:\/\/isuppa.com\/biblioteca\/index.php\/calculo-numerico\/","title":{"rendered":"C\u00e1lculo Num\u00e9rico"},"content":{"rendered":"\n<p><a href=\"https:\/\/www.kufunda.net\/publicdocs\/1-C\u00e1lculo%20Num\u00e9rico.pdf\">C\u00e1lculo Num\u00e9rico (Prof.\u00aa Debora Cristina Brandt Costa)<\/a><\/p>\n\n\n\n<p><a href=\"https:\/\/www.ufrgs.br\/reamat\/CalculoNumerico\/livro-py\/livro-py.pdf\">C\u00e1lculo Num\u00e9rico Um Livro Colaborativo Vers\u00e3o Python<\/a><\/p>\n\n\n\n<p><a href=\"https:\/\/www.ime.usp.br\/~asano\/LivroNumerico\/LivroNumerico.pdf\">C\u00e1lculo Num\u00e9rico \u2014 Fundamentos e Aplica\u00e7\u00f5es (Claudio Hirofume Asano &amp; Eduardo Colli)<\/a><\/p>\n\n\n\n<p><a href=\"https:\/\/thefinaltrek.wordpress.com\/wp-content\/uploads\/2015\/02\/ruggiero-m-a-r-lopes-v-l-r-cc3a1lculo-numc3a9rico_-aspectos-tec3b3ricos-e-computacionais_utfpdf-tk_utfpdf-blogspot-com-br.pdf\">C\u00e1lculo Num\u00e9rico Aspectos Te\u00f3rico e Computacionais (Ruggiero &amp; Lopes)<\/a><\/p>\n","protected":false},"excerpt":{"rendered":"<p>C\u00e1lculo Num\u00e9rico (Prof.\u00aa Debora Cristina Brandt Costa) C\u00e1lculo Num\u00e9rico Um Livro Colaborativo Vers\u00e3o Python C\u00e1lculo Num\u00e9rico \u2014 Fundamentos e Aplica\u00e7\u00f5es (Claudio Hirofume Asano &amp; Eduardo Colli) C\u00e1lculo Num\u00e9rico Aspectos Te\u00f3rico e Computacionais (Ruggiero &amp; Lopes)<\/p>\n","protected":false},"author":1,"featured_media":0,"parent":0,"menu_order":0,"comment_status":"closed","ping_status":"closed","template":"","meta":{"footnotes":""},"_links":{"self":[{"href":"https:\/\/isuppa.com\/biblioteca\/index.php\/wp-json\/wp\/v2\/pages\/2067"}],"collection":[{"href":"https:\/\/isuppa.com\/biblioteca\/index.php\/wp-json\/wp\/v2\/pages"}],"about":[{"href":"https:\/\/isuppa.com\/biblioteca\/index.php\/wp-json\/wp\/v2\/types\/page"}],"author":[{"embeddable":true,"href":"https:\/\/isuppa.com\/biblioteca\/index.php\/wp-json\/wp\/v2\/users\/1"}],"replies":[{"embeddable":true,"href":"https:\/\/isuppa.com\/biblioteca\/index.php\/wp-json\/wp\/v2\/comments?post=2067"}],"version-history":[{"count":1,"href":"https:\/\/isuppa.com\/biblioteca\/index.php\/wp-json\/wp\/v2\/pages\/2067\/revisions"}],"predecessor-version":[{"id":2069,"href":"https:\/\/isuppa.com\/biblioteca\/index.php\/wp-json\/wp\/v2\/pages\/2067\/revisions\/2069"}],"wp:attachment":[{"href":"https:\/\/isuppa.com\/biblioteca\/index.php\/wp-json\/wp\/v2\/media?parent=2067"}],"curies":[{"name":"wp","href":"https:\/\/api.w.org\/{rel}","templated":true}]}}