{"id":2250,"date":"2025-07-12T09:30:37","date_gmt":"2025-07-12T09:30:37","guid":{"rendered":"https:\/\/isuppa.com\/biblioteca\/?page_id=2250"},"modified":"2025-07-12T09:30:37","modified_gmt":"2025-07-12T09:30:37","slug":"evidencias-da-aplicacao-dos-diplomas","status":"publish","type":"page","link":"https:\/\/isuppa.com\/biblioteca\/index.php\/evidencias-da-aplicacao-dos-diplomas\/","title":{"rendered":"Evidencias da Aplica\u00e7\u00e3o dos Diplomas"},"content":{"rendered":"\n<p><a href=\"https:\/\/isuppa.com\/DCT\/\">Miss\u00e3o, viss\u00e3o, perfil de sa\u00edda e objectivo geral do curso no PPC, relacionado com a miss\u00e3o da institui\u00e7\u00e3o no PDI<\/a><\/p>\n\n\n\n<p><a href=\"https:\/\/www.isuppa.com\/edital24_25\/index.html\">Decreto 5\/19\/Documenta\u00e7\u00e3o do Exame de Acesso<\/a><\/p>\n\n\n\n<p><a href=\"http:\/\/Isuppa.com\">Web Site da ISUP<\/a><\/p>\n\n\n\n<p><a href=\"http:\/\/isup.co.ao\">Portal do ISUP (Estudantes, Docentes e PTA)<\/a><\/p>\n","protected":false},"excerpt":{"rendered":"<p>Miss\u00e3o, viss\u00e3o, perfil de sa\u00edda e objectivo geral do curso no PPC, relacionado com a miss\u00e3o da institui\u00e7\u00e3o no PDI Decreto 5\/19\/Documenta\u00e7\u00e3o do Exame de Acesso Web Site da ISUP Portal do ISUP (Estudantes, Docentes e PTA)<\/p>\n","protected":false},"author":1,"featured_media":0,"parent":0,"menu_order":0,"comment_status":"closed","ping_status":"closed","template":"","meta":{"footnotes":""},"_links":{"self":[{"href":"https:\/\/isuppa.com\/biblioteca\/index.php\/wp-json\/wp\/v2\/pages\/2250"}],"collection":[{"href":"https:\/\/isuppa.com\/biblioteca\/index.php\/wp-json\/wp\/v2\/pages"}],"about":[{"href":"https:\/\/isuppa.com\/biblioteca\/index.php\/wp-json\/wp\/v2\/types\/page"}],"author":[{"embeddable":true,"href":"https:\/\/isuppa.com\/biblioteca\/index.php\/wp-json\/wp\/v2\/users\/1"}],"replies":[{"embeddable":true,"href":"https:\/\/isuppa.com\/biblioteca\/index.php\/wp-json\/wp\/v2\/comments?post=2250"}],"version-history":[{"count":1,"href":"https:\/\/isuppa.com\/biblioteca\/index.php\/wp-json\/wp\/v2\/pages\/2250\/revisions"}],"predecessor-version":[{"id":2251,"href":"https:\/\/isuppa.com\/biblioteca\/index.php\/wp-json\/wp\/v2\/pages\/2250\/revisions\/2251"}],"wp:attachment":[{"href":"https:\/\/isuppa.com\/biblioteca\/index.php\/wp-json\/wp\/v2\/media?parent=2250"}],"curies":[{"name":"wp","href":"https:\/\/api.w.org\/{rel}","templated":true}]}}