{"id":2600,"date":"2025-07-17T13:39:07","date_gmt":"2025-07-17T13:39:07","guid":{"rendered":"https:\/\/isuppa.com\/biblioteca\/?page_id=2600"},"modified":"2025-07-17T13:39:08","modified_gmt":"2025-07-17T13:39:08","slug":"documentos-dos-docentes","status":"publish","type":"page","link":"https:\/\/isuppa.com\/biblioteca\/index.php\/documentos-dos-docentes\/","title":{"rendered":"Documentos dos Docentes"},"content":{"rendered":"\n<p><a href=\"https:\/\/isuppa.com\/biblioteca\/wp-content\/uploads\/2025\/07\/Agatangelo.pdf\">AGATANGELO DOS SANTOS<\/a><\/p>\n\n\n\n<p><a href=\"https:\/\/isuppa.com\/biblioteca\/wp-content\/uploads\/2025\/07\/Alexei-Gamboa.pdf\">ALEXEI GAMBOA<\/a><\/p>\n\n\n\n<p><a href=\"https:\/\/isuppa.com\/biblioteca\/wp-content\/uploads\/2025\/07\/ANGELICO-CAMILO.pdf\">ANG\u00c9LICO CAMILO<\/a><\/p>\n\n\n\n<p><a href=\"https:\/\/isuppa.com\/biblioteca\/wp-content\/uploads\/2025\/07\/ANTONIO-GASPAR.pdf\">ANT\u00d3NIO GASPAR<\/a><\/p>\n\n\n\n<p>BETUEL VUNDA<\/p>\n\n\n\n<p><a href=\"https:\/\/isuppa.com\/biblioteca\/wp-content\/uploads\/2025\/07\/Doc.-Gildo-Paulo.pdf\">GILDO PAULO<\/a><\/p>\n\n\n\n<p><a href=\"https:\/\/isuppa.com\/biblioteca\/wp-content\/uploads\/2025\/07\/Cont.-Fadio.pdf\">F\u00c1DIO SARAIVA (CONT)<\/a><\/p>\n\n\n\n<p><a href=\"https:\/\/isuppa.com\/biblioteca\/wp-content\/uploads\/2025\/07\/fADIOdOC.pdf\">F\u00c1DIO SARAIVA (DOC)<\/a><\/p>\n\n\n\n<p><a href=\"https:\/\/isuppa.com\/biblioteca\/wp-content\/uploads\/2025\/07\/MARIA-DEL-CARMEN.pdf\">MARIA DEL CARMEM<\/a><\/p>\n\n\n\n<p><a href=\"https:\/\/isuppa.com\/biblioteca\/wp-content\/uploads\/2025\/07\/ROSELL-HIDALGO.-CONTdocx.pdf\">ROSELL HERRERA<\/a><\/p>\n\n\n\n<p><a href=\"https:\/\/isuppa.com\/biblioteca\/wp-content\/uploads\/2025\/07\/Doc.-Pedro-Campos.pdf\">PEDRO CAMPOS<\/a><\/p>\n\n\n\n<p><\/p>\n","protected":false},"excerpt":{"rendered":"<p>AGATANGELO DOS SANTOS ALEXEI GAMBOA ANG\u00c9LICO CAMILO ANT\u00d3NIO GASPAR BETUEL VUNDA GILDO PAULO F\u00c1DIO SARAIVA (CONT) F\u00c1DIO SARAIVA (DOC) MARIA DEL CARMEM ROSELL HERRERA PEDRO CAMPOS<\/p>\n","protected":false},"author":1,"featured_media":0,"parent":0,"menu_order":0,"comment_status":"closed","ping_status":"closed","template":"","meta":{"footnotes":""},"_links":{"self":[{"href":"https:\/\/isuppa.com\/biblioteca\/index.php\/wp-json\/wp\/v2\/pages\/2600"}],"collection":[{"href":"https:\/\/isuppa.com\/biblioteca\/index.php\/wp-json\/wp\/v2\/pages"}],"about":[{"href":"https:\/\/isuppa.com\/biblioteca\/index.php\/wp-json\/wp\/v2\/types\/page"}],"author":[{"embeddable":true,"href":"https:\/\/isuppa.com\/biblioteca\/index.php\/wp-json\/wp\/v2\/users\/1"}],"replies":[{"embeddable":true,"href":"https:\/\/isuppa.com\/biblioteca\/index.php\/wp-json\/wp\/v2\/comments?post=2600"}],"version-history":[{"count":1,"href":"https:\/\/isuppa.com\/biblioteca\/index.php\/wp-json\/wp\/v2\/pages\/2600\/revisions"}],"predecessor-version":[{"id":2611,"href":"https:\/\/isuppa.com\/biblioteca\/index.php\/wp-json\/wp\/v2\/pages\/2600\/revisions\/2611"}],"wp:attachment":[{"href":"https:\/\/isuppa.com\/biblioteca\/index.php\/wp-json\/wp\/v2\/media?parent=2600"}],"curies":[{"name":"wp","href":"https:\/\/api.w.org\/{rel}","templated":true}]}}