{"id":3965,"date":"2025-10-28T22:08:59","date_gmt":"2025-10-28T22:08:59","guid":{"rendered":"https:\/\/isuppa.com\/biblioteca\/?page_id=3965"},"modified":"2025-10-28T22:09:00","modified_gmt":"2025-10-28T22:09:00","slug":"4-ano-de-direirto","status":"publish","type":"page","link":"https:\/\/isuppa.com\/biblioteca\/index.php\/4-ano-de-direirto\/","title":{"rendered":"4. Ano de Direirto"},"content":{"rendered":"\n<p><a href=\"https:\/\/isuppa.com\/biblioteca\/wp-content\/uploads\/2025\/10\/Curso-de-Processo-Executivo-Comum_Almedina_2000_concurso.pdf\">Curso de processo executivo<\/a><\/p>\n\n\n\n<p><a href=\"https:\/\/cursofmb.com.br\/wp-content\/uploads\/2023\/08\/CONTEUDO_APOSTILA_PGM.pdf\">Curso Jur\u00eddico<\/a><\/p>\n\n\n\n<p><a href=\"https:\/\/educapes.capes.gov.br\/bitstream\/capes\/642817\/2\/Livro%20Anota%C3%A7%C3%B5es%20sobre%20Recursos%20C%C3%ADveis%20-%20Ma%C3%ADra%20Fronza.pdf\">Anota\u00e7\u00f5es sobre recursos c\u00edveis direito processual civil<\/a><\/p>\n\n\n\n<p><a href=\"https:\/\/www.editoraforum.com.br\/wp-content\/uploads\/2016\/06\/Breves-consideracoes-acerca-dos-recursos-no-novo-CPC.pdf\">Breves considera\u00e7\u00f5es acerca dos recursos no novo CPC<\/a><\/p>\n\n\n\n<p><a href=\"https:\/\/www.youtube.com\/watch?v=_HxsoH59zJA\">Agravo de instrumento, agravo interno e agravo aos Tribunais Superiores<\/a><\/p>\n\n\n\n<p><a href=\"https:\/\/pt.wikipedia.org\/wiki\/Posse_(direito)\">Posse (direito)<\/a><\/p>\n\n\n\n<p><a href=\"https:\/\/www.emerj.tjrj.jus.br\/revistaemerj_online\/edicoes\/revista75\/revista75_9.pdf\">Fun\u00e7\u00e3o Social da Posse\u00a0<\/a><\/p>\n\n\n\n<p><a href=\"https:\/\/isuppa.com\/biblioteca\/wp-content\/uploads\/2025\/10\/678-2277-1-PB.pdf\">A ALIENA\u00c7\u00c3O FIDUCI\u00c1RIA EM GARANTIA NO DIREITO<\/a><\/p>\n\n\n\n<p><a href=\"https:\/\/www.youtube.com\/watch?v=eGsbwN1zt8A\">Quais s\u00e3o e como funcionam as a\u00e7\u00f5es possess\u00f3rias? <\/a><\/p>\n\n\n\n<p><a href=\"https:\/\/repositorio.pgsscogna.com.br\/bitstream\/123456789\/49580\/1\/Cole%C3%A7%C3%A3o%20passo%20a%20passo%20(peti%C3%A7%C3%A3o%20inicial)%20(Diego).pdf\">PASSO A PASSO: A PETI\u00c7\u00c3O INICIAL NO PROCESSO CIVIL<\/a><\/p>\n\n\n\n<p><a href=\"https:\/\/as1.trt3.jus.br\/bd-trt3\/bitstream\/handle\/11103\/1784\/vitor%20salino%20principios%20de%20execucao.pdf?sequence=1\">PRINC\u00cdPIOS DE EXECU\u00c7\u00c3O TRABALHISTA<\/a><\/p>\n\n\n\n<p><a href=\"https:\/\/portal.stf.jus.br\/jurisprudenciaRepercussao\/verAndamentoProcesso.asp?incidente=6422105&amp;numeroProcesso=1387795&amp;classeProcesso=RE&amp;numeroTema=1232\">Repercuss\u00e3o geral\u00a0<\/a><\/p>\n\n\n\n<p><a href=\"https:\/\/repositorio.pgsscogna.com.br\/bitstream\/123456789\/61267\/1\/Processo%20Penal%20Recursos.pdf\">Processo Penal Recursos<\/a><\/p>\n\n\n\n<p><a href=\"https:\/\/isuppa.com\/biblioteca\/wp-content\/uploads\/2025\/10\/Dialnet-AHermeneuticaJuridicaDeKarlLarenz-10042715.pdf\">A hermen\u00eautica jur\u00eddica de Karl Larenz<\/a><\/p>\n\n\n\n<p><a href=\"https:\/\/www.ispsn.org\/sites\/default\/files\/documentos-virtuais\/pdf\/metodologia_da_pesquisa_juridica_tecnicas_de_investigacao_argumentacao_e_redacao_-_marcelo_lamy.pdf\">Metodologia da Pesquisa Jur\u00eddica T\u00e9cnicas de Investiga\u00e7\u00e3o, Argumenta\u00e7\u00e3o e Reda\u00e7\u00e3o<\/a><\/p>\n\n\n\n<p><a href=\"https:\/\/enciclopediajuridica.pucsp.br\/verbete\/151\/edicao-1\/metodologia-da-pesquisa-juridica\">Metodologia da pesquisa jur\u00eddica<\/a><\/p>\n\n\n\n<p><a href=\"https:\/\/isuppa.com\/biblioteca\/wp-content\/uploads\/2025\/10\/22426-Texto-do-Artigo-77133-1-10-20170614.pdf\">O QUE \u00c9 UM TRABALHO CIENT\u00cdFICO NO DIREITO?<\/a><\/p>\n\n\n\n<p><\/p>\n","protected":false},"excerpt":{"rendered":"<p>Curso de processo executivo Curso Jur\u00eddico Anota\u00e7\u00f5es sobre recursos c\u00edveis direito processual civil Breves considera\u00e7\u00f5es acerca dos recursos no novo CPC Agravo de instrumento, agravo interno e agravo aos Tribunais Superiores Posse (direito) Fun\u00e7\u00e3o Social da Posse\u00a0 A ALIENA\u00c7\u00c3O FIDUCI\u00c1RIA EM GARANTIA NO DIREITO Quais s\u00e3o e como funcionam as a\u00e7\u00f5es possess\u00f3rias? PASSO A PASSO:&hellip; <a class=\"more-link\" href=\"https:\/\/isuppa.com\/biblioteca\/index.php\/4-ano-de-direirto\/\">Continue reading <span class=\"screen-reader-text\">4. Ano de Direirto<\/span><\/a><\/p>\n","protected":false},"author":1,"featured_media":0,"parent":0,"menu_order":0,"comment_status":"closed","ping_status":"closed","template":"","meta":{"footnotes":""},"_links":{"self":[{"href":"https:\/\/isuppa.com\/biblioteca\/index.php\/wp-json\/wp\/v2\/pages\/3965"}],"collection":[{"href":"https:\/\/isuppa.com\/biblioteca\/index.php\/wp-json\/wp\/v2\/pages"}],"about":[{"href":"https:\/\/isuppa.com\/biblioteca\/index.php\/wp-json\/wp\/v2\/types\/page"}],"author":[{"embeddable":true,"href":"https:\/\/isuppa.com\/biblioteca\/index.php\/wp-json\/wp\/v2\/users\/1"}],"replies":[{"embeddable":true,"href":"https:\/\/isuppa.com\/biblioteca\/index.php\/wp-json\/wp\/v2\/comments?post=3965"}],"version-history":[{"count":1,"href":"https:\/\/isuppa.com\/biblioteca\/index.php\/wp-json\/wp\/v2\/pages\/3965\/revisions"}],"predecessor-version":[{"id":3970,"href":"https:\/\/isuppa.com\/biblioteca\/index.php\/wp-json\/wp\/v2\/pages\/3965\/revisions\/3970"}],"wp:attachment":[{"href":"https:\/\/isuppa.com\/biblioteca\/index.php\/wp-json\/wp\/v2\/media?parent=3965"}],"curies":[{"name":"wp","href":"https:\/\/api.w.org\/{rel}","templated":true}]}}