{"id":3972,"date":"2025-10-28T22:15:25","date_gmt":"2025-10-28T22:15:25","guid":{"rendered":"https:\/\/isuppa.com\/biblioteca\/?page_id=3972"},"modified":"2025-10-28T22:15:25","modified_gmt":"2025-10-28T22:15:25","slug":"5-o-ano-de-direito","status":"publish","type":"page","link":"https:\/\/isuppa.com\/biblioteca\/index.php\/5-o-ano-de-direito\/","title":{"rendered":"5.\u00ba Ano de Direito"},"content":{"rendered":"\n<p><a href=\"https:\/\/isuppa.com\/biblioteca\/wp-content\/uploads\/2025\/10\/content-27.pdf\">CONTENCIOSO DOS ATOS ADMINISTRATIVOS<\/a><\/p>\n\n\n\n<p><a href=\"https:\/\/estudogeral.uc.pt\/bitstream\/10316\/83954\/1\/Dissertac%CC%A7a%CC%83o.pdf\">NOVA CLASSIFICA\u00c7\u00c3O E QUALIFICA\u00c7\u00c3O DOS SOLOS<\/a><\/p>\n\n\n\n<p><a href=\"https:\/\/www.ccdr-lvt.pt\/wp-content\/uploads\/2022\/04\/Decreto-Lei-80-2015-VersaoConsolidada.pdf\">Regime Jur\u00eddico dos Instrumentos de Gest\u00e3o Territorial Decreto-Lei n.\u00ba 80\/2015<\/a><\/p>\n\n\n\n<p><a href=\"https:\/\/www.icjp.pt\/sites\/default\/files\/publicacoes\/files\/respcivil_ebook_completo_rev2.pdf\">Novos temas da responsabilidade civil extracontratual das entidades p\u00fablicas<\/a><\/p>\n\n\n\n<p><a href=\"https:\/\/www.base.gov.pt\/Base4\/pt\/documentacao\/caracteristicas-dos-procedimentos\/\">Caracter\u00edsticas dos Procedimentos<\/a><\/p>\n\n\n\n<p><a href=\"https:\/\/www.vda.pt\/xms\/files\/v1\/Noticias\/2016\/Da_exclusao_por_incumprimento_de_contrato-s-_anterior-es-_-Marco_Caldeira_e_Juliana_Braz_Mimoso-.pdf\">Exclus\u00e3o por incumprimento de contrato<\/a><\/p>\n\n\n\n<p><a href=\"https:\/\/e-revistas.uc3m.es\/index.php\/CDT\/article\/view\/81\/79\">Vista de Liberdades comunit\u00e1rias e Direito Internacional Privado<\/a><\/p>\n\n\n\n<p><a href=\"https:\/\/www.scielo.br\/j\/seq\/a\/zrF7j6Vm7Y7ZNj4LqCfWYPB\/?format=pdf&amp;lang=pt\">O Crit\u00e9rio de Conex\u00e3o da Nacionalidade na Doutrina e na Legisla\u00e7\u00e3o de Direito Internacional<\/a><\/p>\n\n\n\n<p><\/p>\n","protected":false},"excerpt":{"rendered":"<p>CONTENCIOSO DOS ATOS ADMINISTRATIVOS NOVA CLASSIFICA\u00c7\u00c3O E QUALIFICA\u00c7\u00c3O DOS SOLOS Regime Jur\u00eddico dos Instrumentos de Gest\u00e3o Territorial Decreto-Lei n.\u00ba 80\/2015 Novos temas da responsabilidade civil extracontratual das entidades p\u00fablicas Caracter\u00edsticas dos Procedimentos Exclus\u00e3o por incumprimento de contrato Vista de Liberdades comunit\u00e1rias e Direito Internacional Privado O Crit\u00e9rio de Conex\u00e3o da Nacionalidade na Doutrina e na&hellip; <a class=\"more-link\" href=\"https:\/\/isuppa.com\/biblioteca\/index.php\/5-o-ano-de-direito\/\">Continue reading <span class=\"screen-reader-text\">5.\u00ba Ano de Direito<\/span><\/a><\/p>\n","protected":false},"author":1,"featured_media":0,"parent":0,"menu_order":0,"comment_status":"closed","ping_status":"closed","template":"","meta":{"footnotes":""},"_links":{"self":[{"href":"https:\/\/isuppa.com\/biblioteca\/index.php\/wp-json\/wp\/v2\/pages\/3972"}],"collection":[{"href":"https:\/\/isuppa.com\/biblioteca\/index.php\/wp-json\/wp\/v2\/pages"}],"about":[{"href":"https:\/\/isuppa.com\/biblioteca\/index.php\/wp-json\/wp\/v2\/types\/page"}],"author":[{"embeddable":true,"href":"https:\/\/isuppa.com\/biblioteca\/index.php\/wp-json\/wp\/v2\/users\/1"}],"replies":[{"embeddable":true,"href":"https:\/\/isuppa.com\/biblioteca\/index.php\/wp-json\/wp\/v2\/comments?post=3972"}],"version-history":[{"count":1,"href":"https:\/\/isuppa.com\/biblioteca\/index.php\/wp-json\/wp\/v2\/pages\/3972\/revisions"}],"predecessor-version":[{"id":3974,"href":"https:\/\/isuppa.com\/biblioteca\/index.php\/wp-json\/wp\/v2\/pages\/3972\/revisions\/3974"}],"wp:attachment":[{"href":"https:\/\/isuppa.com\/biblioteca\/index.php\/wp-json\/wp\/v2\/media?parent=3972"}],"curies":[{"name":"wp","href":"https:\/\/api.w.org\/{rel}","templated":true}]}}