{"id":508,"date":"2023-10-29T07:28:17","date_gmt":"2023-10-29T07:28:17","guid":{"rendered":"https:\/\/isuppa.com\/biblioteca\/?page_id=508"},"modified":"2023-10-29T07:28:18","modified_gmt":"2023-10-29T07:28:18","slug":"sistema-de-informacao-multimedia","status":"publish","type":"page","link":"https:\/\/isuppa.com\/biblioteca\/index.php\/sistema-de-informacao-multimedia\/","title":{"rendered":"Sistema de Informa\u00e7\u00e3o Multim\u00e9dia"},"content":{"rendered":"\n<p><a href=\"https:\/\/isuppa.com\/biblioteca\/wp-content\/uploads\/2023\/10\/DCT_EI_0408_SIM_Multimedia_e_Tecnologias_Interactivas_5.pdf\">DCT_EI_0408_SIM_Multimedia_e_Tecnologias_Interactivas_5<\/a><\/p>\n\n\n\n<p><a href=\"https:\/\/isuppa.com\/biblioteca\/wp-content\/uploads\/2023\/10\/DCT_EI_0408_SIM_Modelo-de-Referencias-a-Tecnica-Multimedias.pdf\">DCT_EI_0408_SIM_Modelo de Refer\u00eancias a T\u00e9cnica Multim\u00e9dias<\/a><\/p>\n\n\n\n<p><a href=\"https:\/\/isuppa.com\/biblioteca\/wp-content\/uploads\/2023\/10\/DCT_EI_0408_SIM_Discovering_Information_Systems.pdf\">DCT_EI_0408_SIM_Discovering_Information_Systems<\/a><\/p>\n\n\n\n<p><a href=\"https:\/\/isuppa.com\/biblioteca\/wp-content\/uploads\/2023\/10\/DCT_EI_0408_SIM_Historia.pdf\">DCT_EI_0408_SIM_Hist\u00f3ria<\/a><\/p>\n\n\n\n<p><a href=\"https:\/\/isuppa.com\/biblioteca\/wp-content\/uploads\/2023\/10\/DCT_EI_0408_SIM_Information-Systems-for-Business-and-Beyond.pdf\">DCT_EI_0408_SIM_Information Systems for Business and Beyond<\/a><\/p>\n\n\n\n<p><a href=\"https:\/\/isuppa.com\/biblioteca\/wp-content\/uploads\/2023\/10\/DCT_EI_0408_SIM_Curso_Let-Portug-Lit_Oficina-Introducao-Multimidia.pdf\">DCT_EI_0408_SIM_Curso_Let-Portug-Lit_Oficina-Introducao-Multimidia<\/a><\/p>\n\n\n\n<p><a href=\"https:\/\/isuppa.com\/biblioteca\/wp-content\/uploads\/2023\/10\/DCT_EI_0408_SIM_InformationSystems.pdf\">DCT_EI_0408_SIM_InformationSystems<\/a><\/p>\n\n\n\n<p><a href=\"https:\/\/isuppa.com\/biblioteca\/wp-content\/uploads\/2023\/10\/DCT_EI_0408_SIM_LIVRO_UNICO.pdf\">DCT_EI_0408_SIM_LIVRO_UNICO<\/a><\/p>\n\n\n\n<p><a href=\"https:\/\/isuppa.com\/biblioteca\/wp-content\/uploads\/2023\/10\/DCT_EI_0408_SIM_FILHO-Wilson-de-Padua-Paula-multimidia-conceitos-e-aplicacoes-cap-7.pdf\">DCT_EI_0408_SIM_FILHO &#8211; multim\u00eddia &#8211; conceitos e aplica\u00e7\u00f5es<\/a><\/p>\n","protected":false},"excerpt":{"rendered":"<p>DCT_EI_0408_SIM_Multimedia_e_Tecnologias_Interactivas_5 DCT_EI_0408_SIM_Modelo de Refer\u00eancias a T\u00e9cnica Multim\u00e9dias DCT_EI_0408_SIM_Discovering_Information_Systems DCT_EI_0408_SIM_Hist\u00f3ria DCT_EI_0408_SIM_Information Systems for Business and Beyond DCT_EI_0408_SIM_Curso_Let-Portug-Lit_Oficina-Introducao-Multimidia DCT_EI_0408_SIM_InformationSystems DCT_EI_0408_SIM_LIVRO_UNICO DCT_EI_0408_SIM_FILHO &#8211; multim\u00eddia &#8211; conceitos e aplica\u00e7\u00f5es<\/p>\n","protected":false},"author":1,"featured_media":0,"parent":0,"menu_order":0,"comment_status":"closed","ping_status":"closed","template":"","meta":{"footnotes":""},"_links":{"self":[{"href":"https:\/\/isuppa.com\/biblioteca\/index.php\/wp-json\/wp\/v2\/pages\/508"}],"collection":[{"href":"https:\/\/isuppa.com\/biblioteca\/index.php\/wp-json\/wp\/v2\/pages"}],"about":[{"href":"https:\/\/isuppa.com\/biblioteca\/index.php\/wp-json\/wp\/v2\/types\/page"}],"author":[{"embeddable":true,"href":"https:\/\/isuppa.com\/biblioteca\/index.php\/wp-json\/wp\/v2\/users\/1"}],"replies":[{"embeddable":true,"href":"https:\/\/isuppa.com\/biblioteca\/index.php\/wp-json\/wp\/v2\/comments?post=508"}],"version-history":[{"count":1,"href":"https:\/\/isuppa.com\/biblioteca\/index.php\/wp-json\/wp\/v2\/pages\/508\/revisions"}],"predecessor-version":[{"id":518,"href":"https:\/\/isuppa.com\/biblioteca\/index.php\/wp-json\/wp\/v2\/pages\/508\/revisions\/518"}],"wp:attachment":[{"href":"https:\/\/isuppa.com\/biblioteca\/index.php\/wp-json\/wp\/v2\/media?parent=508"}],"curies":[{"name":"wp","href":"https:\/\/api.w.org\/{rel}","templated":true}]}}