{"id":574,"date":"2023-11-06T12:22:56","date_gmt":"2023-11-06T12:22:56","guid":{"rendered":"https:\/\/isuppa.com\/biblioteca\/?page_id=574"},"modified":"2024-06-10T21:31:13","modified_gmt":"2024-06-10T21:31:13","slug":"bioquimica","status":"publish","type":"page","link":"https:\/\/isuppa.com\/biblioteca\/index.php\/bioquimica\/","title":{"rendered":"Bioqu\u00edmica"},"content":{"rendered":"\n<p><a href=\"https:\/\/isuppa.com\/biblioteca\/wp-content\/uploads\/2023\/11\/Bioquimica-Medica-para-Iniciantes.pdf\">Bioqu\u00edmica-M\u00e9dica-para-Iniciantes<\/a><\/p>\n\n\n\n<p><a href=\"https:\/\/isuppa.com\/biblioteca\/wp-content\/uploads\/2023\/11\/Bioquimica-Clinica-5ed-Allan-Gaw.pdf\">Bioquimica-Clinica-5ed-Allan-Gaw<\/a><\/p>\n\n\n\n<p><a href=\"https:\/\/isuppa.com\/biblioteca\/wp-content\/uploads\/2023\/11\/Bioquimica-Estacio-1.-ed.-www.meulivro.biz_.pdf\">Bioqu\u00edmica (Est\u00e1cio) 1. ed.<\/a><\/p>\n\n\n\n<p><a href=\"https:\/\/isuppa.com\/biblioteca\/wp-content\/uploads\/2024\/06\/Livro-de-Bioquimica-Pratica.pdf\">Bioqu\u00edmica Pr\u00e1ctica<\/a><\/p>\n\n\n\n<p><a href=\"https:\/\/isuppa.com\/biblioteca\/wp-content\/uploads\/2024\/06\/Livro-Quimica-Bioquimica-de-Alimentos23.pdf\">Qu\u00edmica &amp; Bioqu\u00edmica de Alimentos<\/a><\/p>\n\n\n\n<p><\/p>\n","protected":false},"excerpt":{"rendered":"<p>Bioqu\u00edmica-M\u00e9dica-para-Iniciantes Bioquimica-Clinica-5ed-Allan-Gaw Bioqu\u00edmica (Est\u00e1cio) 1. ed. Bioqu\u00edmica Pr\u00e1ctica Qu\u00edmica &amp; Bioqu\u00edmica de Alimentos<\/p>\n","protected":false},"author":1,"featured_media":0,"parent":0,"menu_order":0,"comment_status":"closed","ping_status":"closed","template":"","meta":{"footnotes":""},"_links":{"self":[{"href":"https:\/\/isuppa.com\/biblioteca\/index.php\/wp-json\/wp\/v2\/pages\/574"}],"collection":[{"href":"https:\/\/isuppa.com\/biblioteca\/index.php\/wp-json\/wp\/v2\/pages"}],"about":[{"href":"https:\/\/isuppa.com\/biblioteca\/index.php\/wp-json\/wp\/v2\/types\/page"}],"author":[{"embeddable":true,"href":"https:\/\/isuppa.com\/biblioteca\/index.php\/wp-json\/wp\/v2\/users\/1"}],"replies":[{"embeddable":true,"href":"https:\/\/isuppa.com\/biblioteca\/index.php\/wp-json\/wp\/v2\/comments?post=574"}],"version-history":[{"count":2,"href":"https:\/\/isuppa.com\/biblioteca\/index.php\/wp-json\/wp\/v2\/pages\/574\/revisions"}],"predecessor-version":[{"id":836,"href":"https:\/\/isuppa.com\/biblioteca\/index.php\/wp-json\/wp\/v2\/pages\/574\/revisions\/836"}],"wp:attachment":[{"href":"https:\/\/isuppa.com\/biblioteca\/index.php\/wp-json\/wp\/v2\/media?parent=574"}],"curies":[{"name":"wp","href":"https:\/\/api.w.org\/{rel}","templated":true}]}}