{"id":591,"date":"2023-11-06T13:04:02","date_gmt":"2023-11-06T13:04:02","guid":{"rendered":"https:\/\/isuppa.com\/biblioteca\/?page_id=591"},"modified":"2023-11-06T13:04:02","modified_gmt":"2023-11-06T13:04:02","slug":"introducao-a-enfermagem","status":"publish","type":"page","link":"https:\/\/isuppa.com\/biblioteca\/index.php\/introducao-a-enfermagem\/","title":{"rendered":"Introdu\u00e7\u00e3o \u00e0 Enfermagem"},"content":{"rendered":"\n<p><a href=\"https:\/\/isuppa.com\/biblioteca\/wp-content\/uploads\/2023\/11\/Acerto-de-cama.pptx\">Acerto de cama<\/a><\/p>\n\n\n\n<p><a href=\"https:\/\/isuppa.com\/biblioteca\/wp-content\/uploads\/2023\/11\/Asepsia-e-anti-sepsia.pptx\">Assepsia e anti-sepsia<\/a><\/p>\n\n\n\n<p><a href=\"https:\/\/isuppa.com\/biblioteca\/wp-content\/uploads\/2023\/11\/Balanco-hidromineral.pptx\">Balan\u00e7o hidromineral<\/a><\/p>\n\n\n\n<p><a href=\"https:\/\/isuppa.com\/biblioteca\/wp-content\/uploads\/2023\/11\/Bio-seguranca.pptx\">Bio-seguran\u00e7a<\/a><\/p>\n\n\n\n<p><a href=\"https:\/\/isuppa.com\/biblioteca\/wp-content\/uploads\/2023\/11\/Caracterizacao-da-enfermagem.pptx\">Caracteriza\u00e7\u00e3o da enfermagem<\/a><\/p>\n\n\n\n<p><a href=\"https:\/\/isuppa.com\/biblioteca\/wp-content\/uploads\/2023\/11\/Crescimento-e-desenvolvimento.pptx\">Crescimento e desenvolvimento<\/a><\/p>\n\n\n\n<p><a href=\"https:\/\/isuppa.com\/biblioteca\/wp-content\/uploads\/2023\/11\/Comunicacao_como_instrumento_basico_no_cuidar_huma-ANSELMO.pdf\">Comunica\u00e7\u00e3o como instrumento b\u00e1sico<\/a><\/p>\n\n\n\n<p><a href=\"https:\/\/isuppa.com\/biblioteca\/wp-content\/uploads\/2023\/11\/Curas.-Tipos.pptx\">Curas<\/a><\/p>\n\n\n\n<p><a href=\"https:\/\/isuppa.com\/biblioteca\/wp-content\/uploads\/2023\/11\/Dor.pptx\">Dor<\/a><\/p>\n\n\n\n<p><a href=\"https:\/\/isuppa.com\/biblioteca\/wp-content\/uploads\/2023\/11\/Enfermagem-em-ginecologia-e-obstetricia-1.-ed.-www.meulivro.biz_.pdf\">Enfermagem em ginecologia e obstetr\u00edcia<\/a><\/p>\n\n\n\n<p><a href=\"https:\/\/isuppa.com\/biblioteca\/wp-content\/uploads\/2023\/11\/Esterilizacao.pptx\">Esteriliza\u00e7\u00e3o<\/a><\/p>\n\n\n\n<p><a href=\"https:\/\/isuppa.com\/biblioteca\/wp-content\/uploads\/2023\/11\/Exame-fisico-geral-regional-e-por-sistemas.pptx\">Exame f\u00edsico geral, regional e por sistemas<\/a><\/p>\n\n\n\n<p><a href=\"https:\/\/isuppa.com\/biblioteca\/wp-content\/uploads\/2023\/11\/Farmaco-dependencia.pptx\">F\u00e1rmaco-depend\u00eancia<\/a><\/p>\n\n\n\n<p><a href=\"https:\/\/isuppa.com\/biblioteca\/wp-content\/uploads\/2023\/11\/Feridas.pptx\">Feridas<\/a><\/p>\n\n\n\n<p><a href=\"https:\/\/isuppa.com\/biblioteca\/wp-content\/uploads\/2023\/11\/Ingesso-hospitalar.pptx\">Ingresso hospitalar<\/a><\/p>\n\n\n\n<p><a href=\"https:\/\/isuppa.com\/biblioteca\/wp-content\/uploads\/2023\/11\/Introduccao-a-enfermagem.pptx\">Introduc\u00e7\u00e3o \u00e0 enfermagem<\/a><\/p>\n\n\n\n<p><a href=\"https:\/\/isuppa.com\/biblioteca\/wp-content\/uploads\/2023\/11\/Lavado-das-maos.pptx\">Lavado das m\u00e3os<\/a><\/p>\n\n\n\n<p><a href=\"https:\/\/isuppa.com\/biblioteca\/wp-content\/uploads\/2023\/11\/Necessidades-nutricionais.-Dieta.pptx\">Nutri\u00e7\u00e3o<\/a><\/p>\n\n\n\n<p><a href=\"https:\/\/isuppa.com\/biblioteca\/wp-content\/uploads\/2023\/11\/Paciente-encamado.pptx\">Paciente encamado<\/a><\/p>\n\n\n\n<p><a href=\"https:\/\/isuppa.com\/biblioteca\/wp-content\/uploads\/2023\/11\/Somatometria.pptx\">Somatometria<\/a><\/p>\n\n\n\n<p><a href=\"https:\/\/isuppa.com\/biblioteca\/wp-content\/uploads\/2023\/11\/Sonho-e-repouso.pptx\">Sonho e Repouso<\/a><\/p>\n\n\n\n<p><a href=\"https:\/\/isuppa.com\/biblioteca\/wp-content\/uploads\/2023\/11\/Terapia-intravenosa.pptx\">Terapia intravenosa<\/a><\/p>\n\n\n\n<p><a href=\"https:\/\/isuppa.com\/biblioteca\/wp-content\/uploads\/2023\/11\/Terapia-medicamentosa.pptx\">Terapia medicamentosa<\/a><\/p>\n\n\n\n<p><a href=\"https:\/\/isuppa.com\/biblioteca\/wp-content\/uploads\/2023\/11\/Transferencias-do-paciente.pptx\">Transfer\u00eancias do paciente<\/a><\/p>\n\n\n\n<p><a href=\"https:\/\/isuppa.com\/biblioteca\/wp-content\/uploads\/2023\/11\/Unidade-do-paciente.pptx\">Unidade do paciente<\/a><\/p>\n\n\n\n<p><a href=\"https:\/\/isuppa.com\/biblioteca\/wp-content\/uploads\/2023\/11\/Vendagens.pptx\">Vendagens<\/a><\/p>\n\n\n\n<p><a href=\"https:\/\/isuppa.com\/biblioteca\/wp-content\/uploads\/2023\/11\/Via-intramuscular.pptx\">Via intramuscular<\/a><\/p>\n\n\n\n<p><a href=\"https:\/\/isuppa.com\/biblioteca\/wp-content\/uploads\/2023\/11\/Vias-subcutanea-e-intradermica.pptx\">Vias subcut\u00e2nea e intrad\u00e9rmica<\/a><\/p>\n","protected":false},"excerpt":{"rendered":"<p>Acerto de cama Assepsia e anti-sepsia Balan\u00e7o hidromineral Bio-seguran\u00e7a Caracteriza\u00e7\u00e3o da enfermagem Crescimento e desenvolvimento Comunica\u00e7\u00e3o como instrumento b\u00e1sico Curas Dor Enfermagem em ginecologia e obstetr\u00edcia Esteriliza\u00e7\u00e3o Exame f\u00edsico geral, regional e por sistemas F\u00e1rmaco-depend\u00eancia Feridas Ingresso hospitalar Introduc\u00e7\u00e3o \u00e0 enfermagem Lavado das m\u00e3os Nutri\u00e7\u00e3o Paciente encamado Somatometria Sonho e Repouso Terapia intravenosa Terapia medicamentosa&hellip; <a class=\"more-link\" href=\"https:\/\/isuppa.com\/biblioteca\/index.php\/introducao-a-enfermagem\/\">Continue reading <span class=\"screen-reader-text\">Introdu\u00e7\u00e3o \u00e0 Enfermagem<\/span><\/a><\/p>\n","protected":false},"author":1,"featured_media":0,"parent":0,"menu_order":0,"comment_status":"closed","ping_status":"closed","template":"","meta":{"footnotes":""},"_links":{"self":[{"href":"https:\/\/isuppa.com\/biblioteca\/index.php\/wp-json\/wp\/v2\/pages\/591"}],"collection":[{"href":"https:\/\/isuppa.com\/biblioteca\/index.php\/wp-json\/wp\/v2\/pages"}],"about":[{"href":"https:\/\/isuppa.com\/biblioteca\/index.php\/wp-json\/wp\/v2\/types\/page"}],"author":[{"embeddable":true,"href":"https:\/\/isuppa.com\/biblioteca\/index.php\/wp-json\/wp\/v2\/users\/1"}],"replies":[{"embeddable":true,"href":"https:\/\/isuppa.com\/biblioteca\/index.php\/wp-json\/wp\/v2\/comments?post=591"}],"version-history":[{"count":1,"href":"https:\/\/isuppa.com\/biblioteca\/index.php\/wp-json\/wp\/v2\/pages\/591\/revisions"}],"predecessor-version":[{"id":620,"href":"https:\/\/isuppa.com\/biblioteca\/index.php\/wp-json\/wp\/v2\/pages\/591\/revisions\/620"}],"wp:attachment":[{"href":"https:\/\/isuppa.com\/biblioteca\/index.php\/wp-json\/wp\/v2\/media?parent=591"}],"curies":[{"name":"wp","href":"https:\/\/api.w.org\/{rel}","templated":true}]}}