{"id":662,"date":"2023-11-06T20:25:34","date_gmt":"2023-11-06T20:25:34","guid":{"rendered":"https:\/\/isuppa.com\/biblioteca\/?page_id=662"},"modified":"2023-11-06T20:25:35","modified_gmt":"2023-11-06T20:25:35","slug":"fisica-i","status":"publish","type":"page","link":"https:\/\/isuppa.com\/biblioteca\/index.php\/fisica-i\/","title":{"rendered":"F\u00edsica I"},"content":{"rendered":"\n<p><a href=\"https:\/\/isuppa.com\/biblioteca\/wp-content\/uploads\/2023\/10\/DCT_FI_Fisica-Geral-I-apresentacao-autor-Bento-Caldeira.pdf\">DCT_FI_F\u00edsica Geral I<\/a><\/p>\n\n\n\n<p><a href=\"https:\/\/isuppa.com\/biblioteca\/wp-content\/uploads\/2023\/10\/DCT_FI_Introducao-a-Fisica-autor-Celio-Rodrigues-Muniz.pdf\">DCT_FI_Introdu\u00e7\u00e3o a F\u00edsica<\/a><\/p>\n\n\n\n<p><a href=\"https:\/\/isuppa.com\/biblioteca\/wp-content\/uploads\/2023\/10\/DCT_FI_Ementas-Construcao-de-Edificios.pdf\">DCT_FI_Ementas Constru\u00e7\u00e3o de Edif\u00edcios<\/a><\/p>\n\n\n\n<p><a href=\"https:\/\/isuppa.com\/biblioteca\/wp-content\/uploads\/2023\/10\/DCT_FI_medicoes-dieitas-e-indireitas.pdf\">DCT_FI_medi\u00e7\u00f5es dieitas e indireitas<\/a><\/p>\n\n\n\n<p><a href=\"https:\/\/isuppa.com\/biblioteca\/wp-content\/uploads\/2023\/10\/DCT_FI_Caderno-de-Exercicios-Resolvidos-de-Fisica-autor-Nuno-Sousa.pdf\">DCT_FI_Caderno de Exerc\u00edcios Resolvidos de F\u00edsica<\/a><\/p>\n\n\n\n<p><a href=\"https:\/\/isuppa.com\/biblioteca\/wp-content\/uploads\/2023\/10\/DCT_FI_Fisica-Geral-Universitaria-autor-Eliane-A.-Veit-e-Paulo-M.-Mors.pdf\">DCT_FI_F\u00edsica Geral Universit\u00e1ria<\/a><\/p>\n\n\n\n<p><a href=\"https:\/\/isuppa.com\/biblioteca\/wp-content\/uploads\/2023\/10\/DCT_FI_Fisica-moderna-autor-Joecir-Palandi-Dartanhan-Baldez-Figueiredo-Joao-Carlos-Denardin-e-Paulo-Roberto-Magnago.pdf\">DCT_FI_F\u00edsica moderna<\/a><\/p>\n\n\n\n<p><a href=\"https:\/\/isuppa.com\/biblioteca\/wp-content\/uploads\/2023\/10\/DCT_FI_Medicoes_e_Incertezas.pdf\">DCT_FI_Medicoes_e_Incertezas<\/a><\/p>\n","protected":false},"excerpt":{"rendered":"<p>DCT_FI_F\u00edsica Geral I DCT_FI_Introdu\u00e7\u00e3o a F\u00edsica DCT_FI_Ementas Constru\u00e7\u00e3o de Edif\u00edcios DCT_FI_medi\u00e7\u00f5es dieitas e indireitas DCT_FI_Caderno de Exerc\u00edcios Resolvidos de F\u00edsica DCT_FI_F\u00edsica Geral Universit\u00e1ria DCT_FI_F\u00edsica moderna DCT_FI_Medicoes_e_Incertezas<\/p>\n","protected":false},"author":1,"featured_media":0,"parent":0,"menu_order":0,"comment_status":"closed","ping_status":"closed","template":"","meta":{"footnotes":""},"_links":{"self":[{"href":"https:\/\/isuppa.com\/biblioteca\/index.php\/wp-json\/wp\/v2\/pages\/662"}],"collection":[{"href":"https:\/\/isuppa.com\/biblioteca\/index.php\/wp-json\/wp\/v2\/pages"}],"about":[{"href":"https:\/\/isuppa.com\/biblioteca\/index.php\/wp-json\/wp\/v2\/types\/page"}],"author":[{"embeddable":true,"href":"https:\/\/isuppa.com\/biblioteca\/index.php\/wp-json\/wp\/v2\/users\/1"}],"replies":[{"embeddable":true,"href":"https:\/\/isuppa.com\/biblioteca\/index.php\/wp-json\/wp\/v2\/comments?post=662"}],"version-history":[{"count":1,"href":"https:\/\/isuppa.com\/biblioteca\/index.php\/wp-json\/wp\/v2\/pages\/662\/revisions"}],"predecessor-version":[{"id":663,"href":"https:\/\/isuppa.com\/biblioteca\/index.php\/wp-json\/wp\/v2\/pages\/662\/revisions\/663"}],"wp:attachment":[{"href":"https:\/\/isuppa.com\/biblioteca\/index.php\/wp-json\/wp\/v2\/media?parent=662"}],"curies":[{"name":"wp","href":"https:\/\/api.w.org\/{rel}","templated":true}]}}