{"id":749,"date":"2023-11-09T05:49:20","date_gmt":"2023-11-09T05:49:20","guid":{"rendered":"https:\/\/isuppa.com\/biblioteca\/?page_id=749"},"modified":"2023-11-09T05:49:20","modified_gmt":"2023-11-09T05:49:20","slug":"enfermagem-comunitaria-2","status":"publish","type":"page","link":"https:\/\/isuppa.com\/biblioteca\/index.php\/enfermagem-comunitaria-2\/","title":{"rendered":"Enfermagem Comunit\u00e1ria"},"content":{"rendered":"\n<p><a href=\"https:\/\/isuppa.com\/biblioteca\/wp-content\/uploads\/2023\/11\/Enfermagem-comunitaria.pdf\">Enfermagem Comunit\u00e1ria<\/a><\/p>\n\n\n\n<p><a href=\"https:\/\/isuppa.com\/biblioteca\/wp-content\/uploads\/2023\/11\/Manual-Projectos-Inovacao-Comunitaria.pdf\">Manual Projectos Inova\u00e7\u00e3o Comunit\u00e1ria<\/a><\/p>\n","protected":false},"excerpt":{"rendered":"<p>Enfermagem Comunit\u00e1ria Manual Projectos Inova\u00e7\u00e3o Comunit\u00e1ria<\/p>\n","protected":false},"author":1,"featured_media":0,"parent":0,"menu_order":0,"comment_status":"closed","ping_status":"closed","template":"","meta":{"footnotes":""},"_links":{"self":[{"href":"https:\/\/isuppa.com\/biblioteca\/index.php\/wp-json\/wp\/v2\/pages\/749"}],"collection":[{"href":"https:\/\/isuppa.com\/biblioteca\/index.php\/wp-json\/wp\/v2\/pages"}],"about":[{"href":"https:\/\/isuppa.com\/biblioteca\/index.php\/wp-json\/wp\/v2\/types\/page"}],"author":[{"embeddable":true,"href":"https:\/\/isuppa.com\/biblioteca\/index.php\/wp-json\/wp\/v2\/users\/1"}],"replies":[{"embeddable":true,"href":"https:\/\/isuppa.com\/biblioteca\/index.php\/wp-json\/wp\/v2\/comments?post=749"}],"version-history":[{"count":1,"href":"https:\/\/isuppa.com\/biblioteca\/index.php\/wp-json\/wp\/v2\/pages\/749\/revisions"}],"predecessor-version":[{"id":752,"href":"https:\/\/isuppa.com\/biblioteca\/index.php\/wp-json\/wp\/v2\/pages\/749\/revisions\/752"}],"wp:attachment":[{"href":"https:\/\/isuppa.com\/biblioteca\/index.php\/wp-json\/wp\/v2\/media?parent=749"}],"curies":[{"name":"wp","href":"https:\/\/api.w.org\/{rel}","templated":true}]}}