{"id":767,"date":"2023-11-09T06:08:14","date_gmt":"2023-11-09T06:08:14","guid":{"rendered":"https:\/\/isuppa.com\/biblioteca\/?page_id=767"},"modified":"2024-10-29T14:14:40","modified_gmt":"2024-10-29T14:14:40","slug":"enfermagem-em-saude-da-crianca-e-adolescente","status":"publish","type":"page","link":"https:\/\/isuppa.com\/biblioteca\/index.php\/enfermagem-em-saude-da-crianca-e-adolescente\/","title":{"rendered":"Enfermagem em Sa\u00fade da Crian\u00e7a e Adolescente"},"content":{"rendered":"\n<p><a href=\"https:\/\/isuppa.com\/biblioteca\/wp-content\/uploads\/2023\/11\/Educacao-Para-a-Saude.pdf\">Educa\u00e7\u00e3o Para a Sa\u00fade<\/a><\/p>\n\n\n\n<p><a href=\"https:\/\/evirtual.upra.ao\/examples\/biblioteca\/content\/files\/enf_Ventilacao%20mecanica%20em%20pediatria%20e%20neonatologia.pdf\">Princ\u00edpios e Pr\u00e1cticas de Ventila\u00e7\u00e3o Mec\u00e2nica<\/a><\/p>\n\n\n\n<p><a href=\"https:\/\/ftramonmartins.wordpress.com\/wp-content\/uploads\/2016\/09\/tratado-de-geriatria-e-gerontologia-3c2aa-ed.pdf\">Tratado de Gerontologia<\/a><\/p>\n\n\n\n<p><a href=\"https:\/\/bvsms.saude.gov.br\/bvs\/publicacoes\/caderno_atencao_domiciliar_melhor_casa.pdf\">Caderno de Aten\u00e7\u00e3o Domiciliar<\/a><\/p>\n\n\n\n<p><a href=\"https:\/\/repositorio.ucp.pt\/bitstream\/10400.14\/21289\/1\/Marco%20Pinto%20final%20total.pdf\">Consulta de Enfermagem Domiciliaria<\/a><\/p>\n","protected":false},"excerpt":{"rendered":"<p>Educa\u00e7\u00e3o Para a Sa\u00fade Princ\u00edpios e Pr\u00e1cticas de Ventila\u00e7\u00e3o Mec\u00e2nica Tratado de Gerontologia Caderno de Aten\u00e7\u00e3o Domiciliar Consulta de Enfermagem Domiciliaria<\/p>\n","protected":false},"author":1,"featured_media":0,"parent":0,"menu_order":0,"comment_status":"closed","ping_status":"closed","template":"","meta":{"footnotes":""},"_links":{"self":[{"href":"https:\/\/isuppa.com\/biblioteca\/index.php\/wp-json\/wp\/v2\/pages\/767"}],"collection":[{"href":"https:\/\/isuppa.com\/biblioteca\/index.php\/wp-json\/wp\/v2\/pages"}],"about":[{"href":"https:\/\/isuppa.com\/biblioteca\/index.php\/wp-json\/wp\/v2\/types\/page"}],"author":[{"embeddable":true,"href":"https:\/\/isuppa.com\/biblioteca\/index.php\/wp-json\/wp\/v2\/users\/1"}],"replies":[{"embeddable":true,"href":"https:\/\/isuppa.com\/biblioteca\/index.php\/wp-json\/wp\/v2\/comments?post=767"}],"version-history":[{"count":5,"href":"https:\/\/isuppa.com\/biblioteca\/index.php\/wp-json\/wp\/v2\/pages\/767\/revisions"}],"predecessor-version":[{"id":1202,"href":"https:\/\/isuppa.com\/biblioteca\/index.php\/wp-json\/wp\/v2\/pages\/767\/revisions\/1202"}],"wp:attachment":[{"href":"https:\/\/isuppa.com\/biblioteca\/index.php\/wp-json\/wp\/v2\/media?parent=767"}],"curies":[{"name":"wp","href":"https:\/\/api.w.org\/{rel}","templated":true}]}}