{"id":898,"date":"2024-06-17T12:56:51","date_gmt":"2024-06-17T12:56:51","guid":{"rendered":"https:\/\/isuppa.com\/biblioteca\/?page_id=898"},"modified":"2025-05-25T21:11:07","modified_gmt":"2025-05-25T21:11:07","slug":"tutorias-do-isup","status":"publish","type":"page","link":"https:\/\/isuppa.com\/biblioteca\/index.php\/tutorias-do-isup\/","title":{"rendered":"Tutorias do ISUP"},"content":{"rendered":"\n<ul>\n<li>Ci\u00eancias da Sa\u00fade\n<ul>\n<li>Licenciatura em Enfermagem\n<ul>\n<li><a href=\"https:\/\/isuppa.com\/\/biblioteca\/wp-content\/uploads\/Tutoriais\/Enfermagem\/Ginecobstetricia\/Sa\u00fade_da_Mulher\/index.html\">Enfermagem Gino obst\u00e9trica<\/a><\/li>\n\n\n\n<li><a href=\"https:\/\/youtu.be\/dU4g6-XH0gM\">Palestra C\u00f3lera<\/a><\/li>\n<\/ul>\n<\/li>\n<\/ul>\n<\/li>\n\n\n\n<li>Ci\u00eancias Tecnol\u00f3gicas<\/li>\n\n\n\n<li>Ci\u00eancias Econ\u00f3micas Sociais e Humanas<\/li>\n\n\n\n<li><a href=\"https:\/\/isuppa.com\/biblioteca\/index.php\/ciencia-e-investigacao\/\">Ci\u00eancia e Investiga\u00e7\u00e3o<\/a><\/li>\n<\/ul>\n","protected":false},"excerpt":{"rendered":"","protected":false},"author":1,"featured_media":0,"parent":0,"menu_order":0,"comment_status":"closed","ping_status":"closed","template":"","meta":{"footnotes":""},"_links":{"self":[{"href":"https:\/\/isuppa.com\/biblioteca\/index.php\/wp-json\/wp\/v2\/pages\/898"}],"collection":[{"href":"https:\/\/isuppa.com\/biblioteca\/index.php\/wp-json\/wp\/v2\/pages"}],"about":[{"href":"https:\/\/isuppa.com\/biblioteca\/index.php\/wp-json\/wp\/v2\/types\/page"}],"author":[{"embeddable":true,"href":"https:\/\/isuppa.com\/biblioteca\/index.php\/wp-json\/wp\/v2\/users\/1"}],"replies":[{"embeddable":true,"href":"https:\/\/isuppa.com\/biblioteca\/index.php\/wp-json\/wp\/v2\/comments?post=898"}],"version-history":[{"count":7,"href":"https:\/\/isuppa.com\/biblioteca\/index.php\/wp-json\/wp\/v2\/pages\/898\/revisions"}],"predecessor-version":[{"id":1363,"href":"https:\/\/isuppa.com\/biblioteca\/index.php\/wp-json\/wp\/v2\/pages\/898\/revisions\/1363"}],"wp:attachment":[{"href":"https:\/\/isuppa.com\/biblioteca\/index.php\/wp-json\/wp\/v2\/media?parent=898"}],"curies":[{"name":"wp","href":"https:\/\/api.w.org\/{rel}","templated":true}]}}