{"id":958,"date":"2024-06-26T14:31:21","date_gmt":"2024-06-26T14:31:21","guid":{"rendered":"https:\/\/isuppa.com\/biblioteca\/?page_id=958"},"modified":"2024-10-17T12:27:56","modified_gmt":"2024-10-17T12:27:56","slug":"publicacoes","status":"publish","type":"page","link":"https:\/\/isuppa.com\/biblioteca\/index.php\/publicacoes\/","title":{"rendered":"Publica\u00e7\u00f5es dos \u00daltimos 5 anos"},"content":{"rendered":"\n<ul>\n<li><\/li>\n<\/ul>\n\n\n\n<figure class=\"wp-block-table\"><table><tbody><tr><td>Ano<\/td><td>T\u00edtulo<\/td><td>Autor(es)<\/td><td>Enlace<\/td><\/tr><tr><td>2024<\/td><td>Pr\u00e1ticas lectivas na disciplina matem\u00e1tica: estudo de caso de professores da 6\u00aa classe (Original)<\/td><td><a href=\"https:\/\/orcid.org\/0009-0001-2742-3017\">Moreno Quit\u00e9rio A.M.<\/a><br><a href=\"https:\/\/orcid.org\/0000-0003-2451-6709\">Gamboa Moreira A.<\/a><\/td><td><a href=\"https:\/\/revistas.udg.co.cu\/index.php\/roca\/article\/view\/4523\">Revista Roca<\/a><br>Vol. 20 N\u00famero 3, <br>608-632<\/td><\/tr><tr><td>2024<\/td><td>Software de apoio ao processo ensino-aprendizagem da disciplina Enfermagem Ginecoobst\u00e9trica e Comunit\u00e1ria(Original) Roca<\/td><td><a href=\"https:\/\/orcid.org\/0000-0001-6325-0945\">Naithe P\u00e9rez D.<\/a><br><a href=\"https:\/\/orcid.org\/0000-0003-2451-6709\">Gamboa Moreira A.<\/a><\/td><td><a href=\"https:\/\/revistas.udg.co.cu\/index.php\/roca\/article\/view\/4524\/11199\">Revista Roca<\/a><br>Vol. 17 N\u00famero 1, 633-647<\/td><\/tr><tr><td>2024<\/td><td>Comportamento da conduta suicida na etapa infantil-juvenil. Distrito J\u00falio Ant\u00f3nio Mella. Camag\u00fcey. Cuba<\/td><td>Escobar S\u00e1nchez P. L.<br>Arias Ponce de Le\u00f3n A.<br><a href=\"https:\/\/orcid.org\/0000-0001-6325-0945\">Naithe P\u00e9rez D.<\/a><\/td><td><a href=\"https:\/\/www.revista-portalesmedicos.com\/revista-medica\/comportamiento-de-la-conducta-suicida-en-la-etapa-infanto-juvenil-distrito-julio-antonio-mella-camaguey-cuba\/\">Revista Portales M\u00e9dicos<\/a><br>Vol. XIX. N\u00famero 2<\/td><\/tr><tr><td>2022<\/td><td>Estrat\u00e9gia educativa para prevenir infec\u00e7\u00f5es sexualmente transmiss\u00edveis<\/td><td><a href=\"https:\/\/orcid.org\/0000-0001-6325-0945\">Naithe P\u00e9rez D.<\/a><\/td><td><a href=\"https:\/\/portal.amelica.org\/ameli\/journal\/440\/4403352005\/4403352005.pdf\">Revista Roca<\/a><br>Vol. 18, n\u00ba 1<\/td><\/tr><tr><td>2021<\/td><td>Estrat\u00e9gia educativa para preven\u00e7\u00e3o da COVID-19 em estudantes de Enfermagem. Cuanza Sul. Angola<\/td><td><a href=\"https:\/\/orcid.org\/0000-0001-6325-0945\">Naithe P\u00e9rez D.<\/a><\/td><td><a href=\"https:\/\/www.portalesmedicos.com\/cgi-bin\/cert\/search.cgi\">Revista Portales M\u00e9dicos<\/a><br>Vol. XVI, n\u00ba 8<\/td><\/tr><tr><td>2021<\/td><td>Percep\u00e7\u00e3o dos Alunos sobre o Processo Ensino-Aprendizagem na Disciplina de Enfermagem Ginecobstetrica e Comunit\u00e1ria<\/td><td><a href=\"https:\/\/orcid.org\/0000-0001-6325-0945\">Naithe P\u00e9rez D.<\/a><\/td><td><a href=\"http:\/\/kulongesa.ispls.ao\/index.php\/kulongesa-tes\/search\/search\" data-type=\"link\" data-id=\"http:\/\/kulongesa.ispls.ao\/index.php\/kulongesa-tes\/search\/search\">Revista Kulongesa.<\/a><br>Vol. 3 N\u00ba 1<\/td><\/tr><tr><td>2021<\/td><td>Consentimento informado na pr\u00e1tica de enfermagem<\/td><td><a href=\"https:\/\/orcid.org\/0000-0001-6325-0945\">Naithe P\u00e9rez D.<\/a><\/td><td><a href=\"https:\/\/www.portalesmedicos.com\/cgi-bin\/cert\/search.cgi\">Revista Portales M\u00e9dicos<\/a><br>Vol. XVI; N\u00ba 19; 934<\/td><\/tr><tr><td>2021<\/td><td>Interven\u00e7\u00e3o educativa sobre parasitismo intestinal em m\u00e3es de crian\u00e7as menores de 5 anos. Malange. Angola<\/td><td><a href=\"https:\/\/orcid.org\/0000-0001-6325-0945\">Naithe P\u00e9rez D.<\/a><\/td><td><a href=\"https:\/\/www.portalesmedicos.com\/cgi-bin\/cert\/search.cgi\">Revista <\/a><a href=\"https:\/\/www.revista-portalesmedicos.com\/revista-medica\/intervencion-educativa-sobre-parasitismo-intestinal-en-madres-de-ninos-menores-de-5-anos\/\">Portales<\/a><a href=\"https:\/\/www.portalesmedicos.com\/cgi-bin\/cert\/search.cgi\"> M\u00e9dicos<\/a><br>Vol. XVI; n\u00ba 3; 142<\/td><\/tr><tr><td>2020<\/td><td>A\u00e7\u00f5es Educativas de Preven\u00e7\u00e3o ou Consumo de Bebidas Alco\u00f3licas em Estudantes de Ciclo<\/td><td><a href=\"https:\/\/orcid.org\/0000-0003-2451-6709\">Gamboa Moreira A.<\/a><br><a href=\"https:\/\/orcid.org\/0000-0001-6325-0945\">Naithe P\u00e9rez D.<\/a><\/td><td><a href=\"http:\/\/kulongesa.ispls.ao\/index.php\/kulongesa-tes\/search\/search\">Revista Kulongesa.<\/a><br>Vol. 4, No 2<\/td><\/tr><tr><td>2020<\/td><td>Curso de agrega\u00e7\u00e3o pedag\u00f3gica, m\u00f3dulo de tecnologias. (Original)<\/td><td><a href=\"https:\/\/orcid.org\/0000-0003-2451-6709\">Gamboa Moreira A.<\/a><br><a href=\"https:\/\/orcid.org\/0000-0003-0271-3808\">Herrera Guerra A.<\/a><br><a href=\"https:\/\/orcid.org\/0000-0001-7350-1752\">Gamboa Romero F.<\/a><\/td><td><a href=\"https:\/\/revistas.udg.co.cu\/index.php\/roca\/article\/view\/2135\">Revista Roca<\/a><br>Vol. 17 N\u00famero 1, 48-64<\/td><\/tr><tr><td><\/td><td><\/td><td><\/td><td><\/td><\/tr><tr><td><\/td><td><\/td><td><\/td><td><\/td><\/tr><tr><td><\/td><td><\/td><td><\/td><td><\/td><\/tr><tr><td><\/td><td><\/td><td><\/td><td><\/td><\/tr><tr><td><\/td><td><\/td><td><\/td><td><\/td><\/tr><tr><td><\/td><td><\/td><td><\/td><td><\/td><\/tr><tr><td><\/td><td><\/td><td><\/td><td><\/td><\/tr><tr><td><\/td><td><\/td><td><\/td><td><\/td><\/tr><tr><td><\/td><td><\/td><td><\/td><td><\/td><\/tr><\/tbody><\/table><\/figure>\n\n\n\n<ul>\n<li><\/li>\n<\/ul>\n\n\n\n<ul>\n<li><\/li>\n<\/ul>\n\n\n\n<ul>\n<li><\/li>\n<\/ul>\n","protected":false},"excerpt":{"rendered":"<p>Ano T\u00edtulo Autor(es) Enlace 2024 Pr\u00e1ticas lectivas na disciplina matem\u00e1tica: estudo de caso de professores da 6\u00aa classe (Original) Moreno Quit\u00e9rio A.M.Gamboa Moreira A. Revista RocaVol. 20 N\u00famero 3, 608-632 2024 Software de apoio ao processo ensino-aprendizagem da disciplina Enfermagem Ginecoobst\u00e9trica e Comunit\u00e1ria(Original) Roca Naithe P\u00e9rez D.Gamboa Moreira A. Revista RocaVol. 17 N\u00famero 1, 633-647&hellip; <a class=\"more-link\" href=\"https:\/\/isuppa.com\/biblioteca\/index.php\/publicacoes\/\">Continue reading <span class=\"screen-reader-text\">Publica\u00e7\u00f5es dos \u00daltimos 5 anos<\/span><\/a><\/p>\n","protected":false},"author":1,"featured_media":0,"parent":0,"menu_order":0,"comment_status":"closed","ping_status":"closed","template":"","meta":{"footnotes":""},"_links":{"self":[{"href":"https:\/\/isuppa.com\/biblioteca\/index.php\/wp-json\/wp\/v2\/pages\/958"}],"collection":[{"href":"https:\/\/isuppa.com\/biblioteca\/index.php\/wp-json\/wp\/v2\/pages"}],"about":[{"href":"https:\/\/isuppa.com\/biblioteca\/index.php\/wp-json\/wp\/v2\/types\/page"}],"author":[{"embeddable":true,"href":"https:\/\/isuppa.com\/biblioteca\/index.php\/wp-json\/wp\/v2\/users\/1"}],"replies":[{"embeddable":true,"href":"https:\/\/isuppa.com\/biblioteca\/index.php\/wp-json\/wp\/v2\/comments?post=958"}],"version-history":[{"count":3,"href":"https:\/\/isuppa.com\/biblioteca\/index.php\/wp-json\/wp\/v2\/pages\/958\/revisions"}],"predecessor-version":[{"id":967,"href":"https:\/\/isuppa.com\/biblioteca\/index.php\/wp-json\/wp\/v2\/pages\/958\/revisions\/967"}],"wp:attachment":[{"href":"https:\/\/isuppa.com\/biblioteca\/index.php\/wp-json\/wp\/v2\/media?parent=958"}],"curies":[{"name":"wp","href":"https:\/\/api.w.org\/{rel}","templated":true}]}}